103.132.181.183 - - [07/Apr/2025:18:56:05 -0300] "GET /wp-admin/shell20211028.php HTTP/1.1" 403 46923 "-" "Mozlila/5.0 (Linux; Android 7.0; SM-G892A Bulid/NRD90M; wv) AppleWebKit/537.36 (KHTML, like Gecko) Version/4.0 Chrome/60.0.3112.107 Moblie Safari/537.36"
103.132.181.183 - - [07/Apr/2025:18:56:05 -0300] "GET /wp-admin/dropdown.php HTTP/1.1" 403 46923 "-" "Mozlila/5.0 (Linux; Android 7.0; SM-G892A Bulid/NRD90M; wv) AppleWebKit/537.36 (KHTML, like Gecko) Version/4.0 Chrome/60.0.3112.107 Moblie Safari/537.36"
103.132.181.183 - - [07/Apr/2025:18:56:08 -0300] "GET /wp-includes/shell20211028.php HTTP/1.1" 403 46923 "-" "Mozlila/5.0 (Linux; Android 7.0; SM-G892A Bulid/NRD90M; wv) AppleWebKit/537.36 (KHTML, like Gecko) Version/4.0 Chrome/60.0.3112.107 Moblie Safari/537.36"
103.132.181.183 - - [07/Apr/2025:18:56:09 -0300] "GET /wp-content/themes/shell20211028.php HTTP/1.1" 403 46923 "-" "Mozlila/5.0 (Linux; Android 7.0; SM-G892A Bulid/NRD90M; wv) AppleWebKit/537.36 (KHTML, like Gecko) Version/4.0 Chrome/60.0.3112.107 Moblie Safari/537.36"
103.132.181.183 - - [07/Apr/2025:18:56:12 -0300] "GET /wp-admin/shell20211028.php HTTP/1.1" 403 46923 "-" "Mozlila/5.0 (Linux; Android 7.0; SM-G892A Bulid/NRD90M; wv) AppleWebKit/537.36 (KHTML, like Gecko) Version/4.0 Chrome/60.0.3112.107 Moblie Safari/537.36"
103.132.181.183 - - [07/Apr/2025:18:56:13 -0300] "GET /.well-known/bala.php HTTP/1.1" 403 46923 "-" "Mozlila/5.0 (Linux; Android 7.0; SM-G892A Bulid/NRD90M; wv) AppleWebKit/537.36 (KHTML, like Gecko) Version/4.0 Chrome/60.0.3112.107 Moblie Safari/537.36"
103.132.181.183 - - [07/Apr/2025:18:56:16 -0300] "GET /wp-content/themes/shell20211028.php HTTP/1.1" 403 46924 "-" "Mozlila/5.0 (Linux; Android 7.0; SM-G892A Bulid/NRD90M; wv) AppleWebKit/537.36 (KHTML, like Gecko) Version/4.0 Chrome/60.0.3112.107 Moblie Safari/537.36"
103.132.181.183 - - [07/Apr/2025:18:56:17 -0300] "GET /bala.php HTTP/1.1" 403 46924 "-" "Mozlila/5.0 (Linux; Android 7.0; SM-G892A Bulid/NRD90M; wv) AppleWebKit/537.36 (KHTML, like Gecko) Version/4.0 Chrome/60.0.3112.107 Moblie Safari/537.36"
194.238.24.238 - - [07/Apr/2025:18:54:49 -0300] "GET /wp-content/admin.php HTTP/1.1" 200 - "-" "Mozilla/5.0 (Linux; Android 7.0; SM-G892A Build/NRD90M; wv) AppleWebKit/537.36 (KHTML, like Gecko) Version/4.0 Chrome/60.0.3112.107 Mobile Safari/537.36"
103.132.181.183 - - [07/Apr/2025:18:56:20 -0300] "GET /.well-knownold/bala.php HTTP/1.1" 200 46924 "-" "Mozlila/5.0 (Linux; Android 7.0; SM-G892A Bulid/NRD90M; wv) AppleWebKit/537.36 (KHTML, like Gecko) Version/4.0 Chrome/60.0.3112.107 Moblie Safari/537.36"
103.132.181.183 - - [07/Apr/2025:18:56:21 -0300] "GET /.well-known/bala.php HTTP/1.1" 403 46924 "-" "Mozlila/5.0 (Linux; Android 7.0; SM-G892A Bulid/NRD90M; wv) AppleWebKit/537.36 (KHTML, like Gecko) Version/4.0 Chrome/60.0.3112.107 Moblie Safari/537.36"
103.132.181.183 - - [07/Apr/2025:18:56:24 -0300] "GET /.well-known/acme-challenge/bala.php HTTP/1.1" 403 46924 "-" "Mozlila/5.0 (Linux; Android 7.0; SM-G892A Bulid/NRD90M; wv) AppleWebKit/537.36 (KHTML, like Gecko) Version/4.0 Chrome/60.0.3112.107 Moblie Safari/537.36"
103.132.181.183 - - [07/Apr/2025:18:56:25 -0300] "GET /bala.php HTTP/1.1" 403 46924 "-" "Mozlila/5.0 (Linux; Android 7.0; SM-G892A Bulid/NRD90M; wv) AppleWebKit/537.36 (KHTML, like Gecko) Version/4.0 Chrome/60.0.3112.107 Moblie Safari/537.36"
103.132.181.183 - - [07/Apr/2025:18:56:28 -0300] "GET /.well-known/pkivalidation/bala.php HTTP/1.1" 200 46951 "-" "Mozlila/5.0 (Linux; Android 7.0; SM-G892A Bulid/NRD90M; wv) AppleWebKit/537.36 (KHTML, like Gecko) Version/4.0 Chrome/60.0.3112.107 Moblie Safari/537.36"
103.132.181.183 - - [07/Apr/2025:18:56:29 -0300] "GET /.well-knownold/bala.php HTTP/1.1" 200 46951 "-" "Mozlila/5.0 (Linux; Android 7.0; SM-G892A Bulid/NRD90M; wv) AppleWebKit/537.36 (KHTML, like Gecko) Version/4.0 Chrome/60.0.3112.107 Moblie Safari/537.36"
103.132.181.183 - - [07/Apr/2025:18:56:32 -0300] "GET /.well-known/acme-challenge/bala.php HTTP/1.1" 403 46923 "-" "Mozlila/5.0 (Linux; Android 7.0; SM-G892A Bulid/NRD90M; wv) AppleWebKit/537.36 (KHTML, like Gecko) Version/4.0 Chrome/60.0.3112.107 Moblie Safari/537.36"
103.132.181.183 - - [07/Apr/2025:18:56:32 -0300] "GET /wp-content/plugins/bala.php HTTP/1.1" 403 46923 "-" "Mozlila/5.0 (Linux; Android 7.0; SM-G892A Bulid/NRD90M; wv) AppleWebKit/537.36 (KHTML, like Gecko) Version/4.0 Chrome/60.0.3112.107 Moblie Safari/537.36"
103.132.181.183 - - [07/Apr/2025:18:56:36 -0300] "GET /wp-content/uploads/bala.php HTTP/1.1" 403 46923 "-" "Mozlila/5.0 (Linux; Android 7.0; SM-G892A Bulid/NRD90M; wv) AppleWebKit/537.36 (KHTML, like Gecko) Version/4.0 Chrome/60.0.3112.107 Moblie Safari/537.36"
103.132.181.183 - - [07/Apr/2025:18:56:36 -0300] "GET /.well-known/pkivalidation/bala.php HTTP/1.1" 200 46923 "-" "Mozlila/5.0 (Linux; Android 7.0; SM-G892A Bulid/NRD90M; wv) AppleWebKit/537.36 (KHTML, like Gecko) Version/4.0 Chrome/60.0.3112.107 Moblie Safari/537.36"
103.132.181.183 - - [07/Apr/2025:18:56:39 -0300] "GET /wp-content/bala.php HTTP/1.1" 403 46923 "-" "Mozlila/5.0 (Linux; Android 7.0; SM-G892A Bulid/NRD90M; wv) AppleWebKit/537.36 (KHTML, like Gecko) Version/4.0 Chrome/60.0.3112.107 Moblie Safari/537.36"
103.132.181.183 - - [07/Apr/2025:18:56:40 -0300] "GET /wp-content/plugins/bala.php HTTP/1.1" 403 46923 "-" "Mozlila/5.0 (Linux; Android 7.0; SM-G892A Bulid/NRD90M; wv) AppleWebKit/537.36 (KHTML, like Gecko) Version/4.0 Chrome/60.0.3112.107 Moblie Safari/537.36"
103.132.181.183 - - [07/Apr/2025:18:56:42 -0300] "GET /wp-includes/bala.php HTTP/1.1" 403 46923 "-" "Mozlila/5.0 (Linux; Android 7.0; SM-G892A Bulid/NRD90M; wv) AppleWebKit/537.36 (KHTML, like Gecko) Version/4.0 Chrome/60.0.3112.107 Moblie Safari/537.36"
103.132.181.183 - - [07/Apr/2025:18:56:43 -0300] "GET /wp-content/uploads/bala.php HTTP/1.1" 403 46923 "-" "Mozlila/5.0 (Linux; Android 7.0; SM-G892A Bulid/NRD90M; wv) AppleWebKit/537.36 (KHTML, like Gecko) Version/4.0 Chrome/60.0.3112.107 Moblie Safari/537.36"
103.132.181.183 - - [07/Apr/2025:18:56:46 -0300] "GET /wp-admin/bala.php HTTP/1.1" 403 46924 "-" "Mozlila/5.0 (Linux; Android 7.0; SM-G892A Bulid/NRD90M; wv) AppleWebKit/537.36 (KHTML, like Gecko) Version/4.0 Chrome/60.0.3112.107 Moblie Safari/537.36"
103.132.181.183 - - [07/Apr/2025:18:56:47 -0300] "GET /wp-content/bala.php HTTP/1.1" 403 46923 "-" "Mozlila/5.0 (Linux; Android 7.0; SM-G892A Bulid/NRD90M; wv) AppleWebKit/537.36 (KHTML, like Gecko) Version/4.0 Chrome/60.0.3112.107 Moblie Safari/537.36"
103.132.181.183 - - [07/Apr/2025:18:56:50 -0300] "GET /wp-content/themes/bala.php HTTP/1.1" 403 46923 "-" "Mozlila/5.0 (Linux; Android 7.0; SM-G892A Bulid/NRD90M; wv) AppleWebKit/537.36 (KHTML, like Gecko) Version/4.0 Chrome/60.0.3112.107 Moblie Safari/537.36"
103.132.181.183 - - [07/Apr/2025:18:56:50 -0300] "GET /wp-includes/bala.php HTTP/1.1" 403 46923 "-" "Mozlila/5.0 (Linux; Android 7.0; SM-G892A Bulid/NRD90M; wv) AppleWebKit/537.36 (KHTML, like Gecko) Version/4.0 Chrome/60.0.3112.107 Moblie Safari/537.36"
103.132.181.183 - - [07/Apr/2025:18:56:54 -0300] "GET /wp-admin/bala.php HTTP/1.1" 403 46923 "-" "Mozlila/5.0 (Linux; Android 7.0; SM-G892A Bulid/NRD90M; wv) AppleWebKit/537.36 (KHTML, like Gecko) Version/4.0 Chrome/60.0.3112.107 Moblie Safari/537.36"
103.132.181.183 - - [07/Apr/2025:18:56:54 -0300] "GET /dropdown.php HTTP/1.1" 403 46923 "-" "Mozlila/5.0 (Linux; Android 7.0; SM-G892A Bulid/NRD90M; wv) AppleWebKit/537.36 (KHTML, like Gecko) Version/4.0 Chrome/60.0.3112.107 Moblie Safari/537.36"
103.132.181.183 - - [07/Apr/2025:18:56:57 -0300] "GET /wp-content/themes/bala.php HTTP/1.1" 403 46923 "-" "Mozlila/5.0 (Linux; Android 7.0; SM-G892A Bulid/NRD90M; wv) AppleWebKit/537.36 (KHTML, like Gecko) Version/4.0 Chrome/60.0.3112.107 Moblie Safari/537.36"
103.132.181.183 - - [07/Apr/2025:18:56:57 -0300] "GET /wp-content/dropdown.php HTTP/1.1" 403 46923 "-" "Mozlila/5.0 (Linux; Android 7.0; SM-G892A Bulid/NRD90M; wv) AppleWebKit/537.36 (KHTML, like Gecko) Version/4.0 Chrome/60.0.3112.107 Moblie Safari/537.36"
103.132.181.183 - - [07/Apr/2025:18:57:01 -0300] "GET /wp-includes/dropdown.php HTTP/1.1" 403 46923 "-" "Mozlila/5.0 (Linux; Android 7.0; SM-G892A Bulid/NRD90M; wv) AppleWebKit/537.36 (KHTML, like Gecko) Version/4.0 Chrome/60.0.3112.107 Moblie Safari/537.36"
103.132.181.183 - - [07/Apr/2025:18:57:01 -0300] "GET /dropdown.php HTTP/1.1" 403 46923 "-" "Mozlila/5.0 (Linux; Android 7.0; SM-G892A Bulid/NRD90M; wv) AppleWebKit/537.36 (KHTML, like Gecko) Version/4.0 Chrome/60.0.3112.107 Moblie Safari/537.36"
103.132.181.183 - - [07/Apr/2025:18:57:05 -0300] "GET /wp-admin/dropdown.php HTTP/1.1" 403 46923 "-" "Mozlila/5.0 (Linux; Android 7.0; SM-G892A Bulid/NRD90M; wv) AppleWebKit/537.36 (KHTML, like Gecko) Version/4.0 Chrome/60.0.3112.107 Moblie Safari/537.36"
103.132.181.183 - - [07/Apr/2025:18:57:05 -0300] "GET /wp-content/dropdown.php HTTP/1.1" 403 46923 "-" "Mozlila/5.0 (Linux; Android 7.0; SM-G892A Bulid/NRD90M; wv) AppleWebKit/537.36 (KHTML, like Gecko) Version/4.0 Chrome/60.0.3112.107 Moblie Safari/537.36"
103.132.181.183 - - [07/Apr/2025:18:57:09 -0300] "GET /wp-includes/dropdown.php HTTP/1.1" 403 46923 "-" "Mozlila/5.0 (Linux; Android 7.0; SM-G892A Bulid/NRD90M; wv) AppleWebKit/537.36 (KHTML, like Gecko) Version/4.0 Chrome/60.0.3112.107 Moblie Safari/537.36"
103.132.181.183 - - [07/Apr/2025:18:57:13 -0300] "GET /wp-admin/dropdown.php HTTP/1.1" 403 46923 "-" "Mozlila/5.0 (Linux; Android 7.0; SM-G892A Bulid/NRD90M; wv) AppleWebKit/537.36 (KHTML, like Gecko) Version/4.0 Chrome/60.0.3112.107 Moblie Safari/537.36"
69.197.184.234 - - [07/Apr/2025:18:56:30 -0300] "GET /wp-content/admin.php?id=574597 HTTP/1.1" 200 - "http://qualidadedosonocolchoes.com.br/wp-content/admin.php?id=574597" "Mozilla/5.0 (Windows NT 10.0; Win64; x64) AppleWebKit/537.36 (KHTML, like Gecko) Chrome/58.0.3029.110 Safari/537.3"
194.238.24.238 - - [07/Apr/2025:18:59:36 -0300] "GET /wp-content/admin.php HTTP/1.1" 200 6 "-" "Mozilla/5.0 (Linux; Android 7.0; SM-G892A Build/NRD90M; wv) AppleWebKit/537.36 (KHTML, like Gecko) Version/4.0 Chrome/60.0.3112.107 Mobile Safari/537.36"
194.238.24.238 - - [07/Apr/2025:18:59:36 -0300] "GET /wp-admin/includes/index.php HTTP/1.1" 200 46923 "-" "Mozilla/5.0 (Linux; Android 7.0; SM-G892A Build/NRD90M; wv) AppleWebKit/537.36 (KHTML, like Gecko) Version/4.0 Chrome/60.0.3112.107 Mobile Safari/537.36"
69.197.184.234 - - [07/Apr/2025:18:58:24 -0300] "GET /wp-content/admin.php?id=574597 HTTP/1.1" 200 - "http://qualidadedosonocolchoes.com.br/wp-content/admin.php?id=574597" "Mozilla/5.0 (Windows NT 10.0; Win64; x64) AppleWebKit/537.36 (KHTML, like Gecko) Chrome/58.0.3029.110 Safari/537.3"
103.132.181.183 - - [07/Apr/2025:19:01:05 -0300] "GET /wp-content/plugins/core/include.php HTTP/1.1" 200 46923 "-" "Mozlila/5.0 (Linux; Android 7.0; SM-G892A Bulid/NRD90M; wv) AppleWebKit/537.36 (KHTML, like Gecko) Version/4.0 Chrome/60.0.3112.107 Moblie Safari/537.36"
103.132.181.183 - - [07/Apr/2025:19:01:10 -0300] "GET /ws.php HTTP/1.1" 403 46923 "-" "Mozlila/5.0 (Linux; Android 7.0; SM-G892A Bulid/NRD90M; wv) AppleWebKit/537.36 (KHTML, like Gecko) Version/4.0 Chrome/60.0.3112.107 Moblie Safari/537.36"
103.132.181.183 - - [07/Apr/2025:19:01:14 -0300] "GET /404.php HTTP/1.1" 403 46923 "-" "Mozlila/5.0 (Linux; Android 7.0; SM-G892A Bulid/NRD90M; wv) AppleWebKit/537.36 (KHTML, like Gecko) Version/4.0 Chrome/60.0.3112.107 Moblie Safari/537.36"
103.132.181.183 - - [07/Apr/2025:19:01:17 -0300] "GET /wp.php HTTP/1.1" 403 46923 "-" "Mozlila/5.0 (Linux; Android 7.0; SM-G892A Bulid/NRD90M; wv) AppleWebKit/537.36 (KHTML, like Gecko) Version/4.0 Chrome/60.0.3112.107 Moblie Safari/537.36"
103.132.181.183 - - [07/Apr/2025:19:01:21 -0300] "GET /wp-head.php HTTP/1.1" 403 46923 "-" "Mozlila/5.0 (Linux; Android 7.0; SM-G892A Bulid/NRD90M; wv) AppleWebKit/537.36 (KHTML, like Gecko) Version/4.0 Chrome/60.0.3112.107 Moblie Safari/537.36"
103.132.181.183 - - [07/Apr/2025:19:01:24 -0300] "GET /wp-includes/wp-class.php HTTP/1.1" 403 46923 "-" "Mozlila/5.0 (Linux; Android 7.0; SM-G892A Bulid/NRD90M; wv) AppleWebKit/537.36 (KHTML, like Gecko) Version/4.0 Chrome/60.0.3112.107 Moblie Safari/537.36"
103.132.181.183 - - [07/Apr/2025:19:01:28 -0300] "GET /wp-content/themes/twenty/twenty.php HTTP/1.1" 200 46923 "-" "Mozlila/5.0 (Linux; Android 7.0; SM-G892A Bulid/NRD90M; wv) AppleWebKit/537.36 (KHTML, like Gecko) Version/4.0 Chrome/60.0.3112.107 Moblie Safari/537.36"
69.197.184.234 - - [07/Apr/2025:19:00:06 -0300] "GET /wp-content/admin.php?id=574597 HTTP/1.1" 200 - "http://qualidadedosonocolchoes.com.br/wp-content/admin.php?id=574597" "Mozilla/5.0 (Windows NT 10.0; Win64; x64) AppleWebKit/537.36 (KHTML, like Gecko) Chrome/58.0.3029.110 Safari/537.3"
103.132.181.183 - - [07/Apr/2025:19:01:32 -0300] "GET /wp-content/plugins/press/wp-class.php HTTP/1.1" 200 46923 "-" "Mozlila/5.0 (Linux; Android 7.0; SM-G892A Bulid/NRD90M; wv) AppleWebKit/537.36 (KHTML, like Gecko) Version/4.0 Chrome/60.0.3112.107 Moblie Safari/537.36"
103.132.181.183 - - [07/Apr/2025:19:01:35 -0300] "GET /fm1.php HTTP/1.1" 403 46923 "-" "Mozlila/5.0 (Linux; Android 7.0; SM-G892A Bulid/NRD90M; wv) AppleWebKit/537.36 (KHTML, like Gecko) Version/4.0 Chrome/60.0.3112.107 Moblie Safari/537.36"
103.132.181.183 - - [07/Apr/2025:19:01:39 -0300] "GET /alfadheat.php HTTP/1.1" 403 46923 "-" "Mozlila/5.0 (Linux; Android 7.0; SM-G892A Bulid/NRD90M; wv) AppleWebKit/537.36 (KHTML, like Gecko) Version/4.0 Chrome/60.0.3112.107 Moblie Safari/537.36"
103.132.181.183 - - [07/Apr/2025:19:01:43 -0300] "GET /M1.php HTTP/1.1" 403 46923 "-" "Mozlila/5.0 (Linux; Android 7.0; SM-G892A Bulid/NRD90M; wv) AppleWebKit/537.36 (KHTML, like Gecko) Version/4.0 Chrome/60.0.3112.107 Moblie Safari/537.36"
103.132.181.183 - - [07/Apr/2025:19:01:46 -0300] "GET /admin.php HTTP/1.1" 200 46923 "-" "Mozlila/5.0 (Linux; Android 7.0; SM-G892A Bulid/NRD90M; wv) AppleWebKit/537.36 (KHTML, like Gecko) Version/4.0 Chrome/60.0.3112.107 Moblie Safari/537.36"
103.132.181.183 - - [07/Apr/2025:19:01:50 -0300] "GET /wp-admin/images/admin.php HTTP/1.1" 200 46923 "-" "Mozlila/5.0 (Linux; Android 7.0; SM-G892A Bulid/NRD90M; wv) AppleWebKit/537.36 (KHTML, like Gecko) Version/4.0 Chrome/60.0.3112.107 Moblie Safari/537.36"
103.132.181.183 - - [07/Apr/2025:19:01:55 -0300] "GET /alfanew.php7 HTTP/1.1" 200 46923 "-" "Mozlila/5.0 (Linux; Android 7.0; SM-G892A Bulid/NRD90M; wv) AppleWebKit/537.36 (KHTML, like Gecko) Version/4.0 Chrome/60.0.3112.107 Moblie Safari/537.36"
103.132.181.183 - - [07/Apr/2025:19:01:59 -0300] "GET /.well-known/wso112233.php HTTP/1.1" 403 46923 "-" "Mozlila/5.0 (Linux; Android 7.0; SM-G892A Bulid/NRD90M; wv) AppleWebKit/537.36 (KHTML, like Gecko) Version/4.0 Chrome/60.0.3112.107 Moblie Safari/537.36"
103.132.181.183 - - [07/Apr/2025:19:02:02 -0300] "GET /about.php HTTP/1.1" 200 46923 "-" "Mozlila/5.0 (Linux; Android 7.0; SM-G892A Bulid/NRD90M; wv) AppleWebKit/537.36 (KHTML, like Gecko) Version/4.0 Chrome/60.0.3112.107 Moblie Safari/537.36"
103.132.181.183 - - [07/Apr/2025:19:02:06 -0300] "GET /wp-content/shell20211028.php HTTP/1.1" 403 46923 "-" "Mozlila/5.0 (Linux; Android 7.0; SM-G892A Bulid/NRD90M; wv) AppleWebKit/537.36 (KHTML, like Gecko) Version/4.0 Chrome/60.0.3112.107 Moblie Safari/537.36"
103.132.181.183 - - [07/Apr/2025:19:02:10 -0300] "GET /repeater.php HTTP/1.1" 403 46923 "-" "Mozlila/5.0 (Linux; Android 7.0; SM-G892A Bulid/NRD90M; wv) AppleWebKit/537.36 (KHTML, like Gecko) Version/4.0 Chrome/60.0.3112.107 Moblie Safari/537.36"
103.132.181.183 - - [07/Apr/2025:19:02:14 -0300] "GET /wp-content/themes/finley/min.php HTTP/1.1" 200 46923 "-" "Mozlila/5.0 (Linux; Android 7.0; SM-G892A Bulid/NRD90M; wv) AppleWebKit/537.36 (KHTML, like Gecko) Version/4.0 Chrome/60.0.3112.107 Moblie Safari/537.36"
103.132.181.183 - - [07/Apr/2025:19:02:18 -0300] "GET /wso112233.php HTTP/1.1" 403 46923 "-" "Mozlila/5.0 (Linux; Android 7.0; SM-G892A Bulid/NRD90M; wv) AppleWebKit/537.36 (KHTML, like Gecko) Version/4.0 Chrome/60.0.3112.107 Moblie Safari/537.36"
103.132.181.183 - - [07/Apr/2025:19:02:22 -0300] "GET /dropdown.php HTTP/1.1" 403 46923 "-" "Mozlila/5.0 (Linux; Android 7.0; SM-G892A Bulid/NRD90M; wv) AppleWebKit/537.36 (KHTML, like Gecko) Version/4.0 Chrome/60.0.3112.107 Moblie Safari/537.36"
103.132.181.183 - - [07/Apr/2025:19:02:25 -0300] "GET /wp-admin/dropdown.php HTTP/1.1" 403 46923 "-" "Mozlila/5.0 (Linux; Android 7.0; SM-G892A Bulid/NRD90M; wv) AppleWebKit/537.36 (KHTML, like Gecko) Version/4.0 Chrome/60.0.3112.107 Moblie Safari/537.36"
103.132.181.183 - - [07/Apr/2025:19:02:29 -0300] "GET /shell20211028.php HTTP/1.1" 403 46923 "-" "Mozlila/5.0 (Linux; Android 7.0; SM-G892A Bulid/NRD90M; wv) AppleWebKit/537.36 (KHTML, like Gecko) Version/4.0 Chrome/60.0.3112.107 Moblie Safari/537.36"
103.132.181.183 - - [07/Apr/2025:19:02:34 -0300] "GET /wp-content/plugins/Cache/Cache.php HTTP/1.1" 200 46923 "-" "Mozlila/5.0 (Linux; Android 7.0; SM-G892A Bulid/NRD90M; wv) AppleWebKit/537.36 (KHTML, like Gecko) Version/4.0 Chrome/60.0.3112.107 Moblie Safari/537.36"
103.132.181.183 - - [07/Apr/2025:19:02:38 -0300] "GET /wp-includes/IXR/themes.php HTTP/1.1" 403 46923 "-" "Mozlila/5.0 (Linux; Android 7.0; SM-G892A Bulid/NRD90M; wv) AppleWebKit/537.36 (KHTML, like Gecko) Version/4.0 Chrome/60.0.3112.107 Moblie Safari/537.36"
103.132.181.183 - - [07/Apr/2025:19:02:42 -0300] "GET /.well-known/pki-validation/about.php HTTP/1.1" 404 - "-" "Mozlila/5.0 (Linux; Android 7.0; SM-G892A Bulid/NRD90M; wv) AppleWebKit/537.36 (KHTML, like Gecko) Version/4.0 Chrome/60.0.3112.107 Moblie Safari/537.36"
103.132.181.183 - - [07/Apr/2025:19:02:44 -0300] "GET /wp-header.php HTTP/1.1" 403 46923 "-" "Mozlila/5.0 (Linux; Android 7.0; SM-G892A Bulid/NRD90M; wv) AppleWebKit/537.36 (KHTML, like Gecko) Version/4.0 Chrome/60.0.3112.107 Moblie Safari/537.36"
103.132.181.183 - - [07/Apr/2025:19:02:48 -0300] "GET /alfanew.php HTTP/1.1" 403 46923 "-" "Mozlila/5.0 (Linux; Android 7.0; SM-G892A Bulid/NRD90M; wv) AppleWebKit/537.36 (KHTML, like Gecko) Version/4.0 Chrome/60.0.3112.107 Moblie Safari/537.36"
103.132.181.183 - - [07/Apr/2025:19:02:52 -0300] "GET /wp-includes/ID3/about.php HTTP/1.1" 200 894 "-" "Mozlila/5.0 (Linux; Android 7.0; SM-G892A Bulid/NRD90M; wv) AppleWebKit/537.36 (KHTML, like Gecko) Version/4.0 Chrome/60.0.3112.107 Moblie Safari/537.36"
103.132.181.183 - - [07/Apr/2025:19:02:55 -0300] "GET /wp-2019.php HTTP/1.1" 403 46923 "-" "Mozlila/5.0 (Linux; Android 7.0; SM-G892A Bulid/NRD90M; wv) AppleWebKit/537.36 (KHTML, like Gecko) Version/4.0 Chrome/60.0.3112.107 Moblie Safari/537.36"
103.132.181.183 - - [07/Apr/2025:19:02:59 -0300] "GET /autoload_classmap.php HTTP/1.1" 403 46923 "-" "Mozlila/5.0 (Linux; Android 7.0; SM-G892A Bulid/NRD90M; wv) AppleWebKit/537.36 (KHTML, like Gecko) Version/4.0 Chrome/60.0.3112.107 Moblie Safari/537.36"
103.132.181.183 - - [07/Apr/2025:19:03:03 -0300] "GET /wp-includes/ID3/wp-login.php HTTP/1.1" 200 46923 "-" "Mozlila/5.0 (Linux; Android 7.0; SM-G892A Bulid/NRD90M; wv) AppleWebKit/537.36 (KHTML, like Gecko) Version/4.0 Chrome/60.0.3112.107 Moblie Safari/537.36"
103.132.181.183 - - [07/Apr/2025:19:03:07 -0300] "GET /wp-includes/SimplePie/plugins.php HTTP/1.1" 200 46923 "-" "Mozlila/5.0 (Linux; Android 7.0; SM-G892A Bulid/NRD90M; wv) AppleWebKit/537.36 (KHTML, like Gecko) Version/4.0 Chrome/60.0.3112.107 Moblie Safari/537.36"
194.238.24.238 - - [07/Apr/2025:19:03:11 -0300] "GET /wp-content/themes/about.php HTTP/1.1" 200 46923 "-" "Mozilla/5.0 (Windows NT 10.0; Win64; x64; rv:137.0) Gecko/20100101 Firefox/137.0"
103.132.181.183 - - [07/Apr/2025:19:03:11 -0300] "GET /wp-content/plugins/alfa-rex.php HTTP/1.1" 403 46923 "-" "Mozlila/5.0 (Linux; Android 7.0; SM-G892A Bulid/NRD90M; wv) AppleWebKit/537.36 (KHTML, like Gecko) Version/4.0 Chrome/60.0.3112.107 Moblie Safari/537.36"
103.132.181.183 - - [07/Apr/2025:19:03:15 -0300] "GET /wp-content/plugins/about.php HTTP/1.1" 200 46923 "-" "Mozlila/5.0 (Linux; Android 7.0; SM-G892A Bulid/NRD90M; wv) AppleWebKit/537.36 (KHTML, like Gecko) Version/4.0 Chrome/60.0.3112.107 Moblie Safari/537.36"
103.132.181.183 - - [07/Apr/2025:19:03:19 -0300] "GET /wp-content/themes/about.php HTTP/1.1" 200 46923 "-" "Mozlila/5.0 (Linux; Android 7.0; SM-G892A Bulid/NRD90M; wv) AppleWebKit/537.36 (KHTML, like Gecko) Version/4.0 Chrome/60.0.3112.107 Moblie Safari/537.36"
69.197.184.234 - - [07/Apr/2025:19:01:50 -0300] "GET /wp-content/admin.php?id=574597 HTTP/1.1" 200 - "http://qualidadedosonocolchoes.com.br/wp-content/admin.php?id=574597" "Mozilla/5.0 (Windows NT 10.0; Win64; x64) AppleWebKit/537.36 (KHTML, like Gecko) Chrome/58.0.3029.110 Safari/537.3"
69.197.184.234 - - [07/Apr/2025:19:04:08 -0300] "GET /wp-content/admin.php?id=574597 HTTP/1.1" 200 - "http://qualidadedosonocolchoes.com.br/wp-content/admin.php?id=574597" "Mozilla/5.0 (Windows NT 10.0; Win64; x64) AppleWebKit/537.36 (KHTML, like Gecko) Chrome/58.0.3029.110 Safari/537.3"
194.238.24.238 - - [07/Apr/2025:19:05:55 -0300] "GET /wp-content/plugins/three-column-screen-layout/db.php HTTP/1.1" 200 46923 "-" "Mozilla/5.0 (Windows NT 10.0; Win64; x64; rv:137.0) Gecko/20100101 Firefox/137.0"
43.130.57.46 - - [07/Apr/2025:19:07:00 -0300] "GET /?fileloc=/home/qscolchoes/public_html/wp-admin/user/about.php&path=/home/qscolchoes/public_html/wp-admin/user HTTP/1.1" 200 3614 "-" "Mozilla/5.0 (iPhone; CPU iPhone OS 13_2_3 like Mac OS X) AppleWebKit/605.1.15 (KHTML, like Gecko) Version/13.0.3 Mobile/15E148 Safari/604.1"
69.197.184.234 - - [07/Apr/2025:19:05:47 -0300] "GET /wp-content/admin.php?id=574597 HTTP/1.1" 200 - "http://qualidadedosonocolchoes.com.br/wp-content/admin.php?id=574597" "Mozilla/5.0 (Windows NT 10.0; Win64; x64) AppleWebKit/537.36 (KHTML, like Gecko) Chrome/58.0.3029.110 Safari/537.3"
194.238.24.238 - - [07/Apr/2025:19:07:50 -0300] "GET /css/023wesd.php HTTP/1.1" 200 46924 "-" "Mozilla/5.0 (Windows NT 10.0; Win64; x64; rv:137.0) Gecko/20100101 Firefox/137.0"
69.197.184.234 - - [07/Apr/2025:19:08:06 -0300] "GET /wp-content/admin.php?id=574597 HTTP/1.1" 200 - "http://qualidadedosonocolchoes.com.br/wp-content/admin.php?id=574597" "Mozilla/5.0 (Windows NT 10.0; Win64; x64) AppleWebKit/537.36 (KHTML, like Gecko) Chrome/58.0.3029.110 Safari/537.3"
43.135.144.126 - - [07/Apr/2025:19:14:12 -0300] "GET /?fileloc=/home/qscolchoes/public_html/wp-includes/PHPMailer/SMTP.php&path=/home/qscolchoes/public_html/wp-includes/PHPMailer HTTP/1.1" 200 53790 "-" "Mozilla/5.0 (iPhone; CPU iPhone OS 13_2_3 like Mac OS X) AppleWebKit/605.1.15 (KHTML, like Gecko) Version/13.0.3 Mobile/15E148 Safari/604.1"
13.77.80.114 - - [07/Apr/2025:19:15:21 -0300] "GET /.well-known/pki-validation/wp-admin/install.php HTTP/1.1" 404 - "-" "-"
13.77.80.114 - - [07/Apr/2025:19:15:21 -0300] "GET /wp-content/banners/about.php HTTP/1.1" 200 46923 "-" "-"
149.154.161.215 - - [07/Apr/2025:19:18:41 -0300] "GET /wp-content/banners/about.php HTTP/1.1" 200 46923 "-" "TelegramBot (like TwitterBot)"
194.238.24.238 - - [07/Apr/2025:19:18:36 -0300] "GET /wp-content/admin.php HTTP/1.1" 200 - "-" "Mozilla/5.0 (Linux; Android 7.0; SM-G892A Build/NRD90M; wv) AppleWebKit/537.36 (KHTML, like Gecko) Version/4.0 Chrome/60.0.3112.107 Mobile Safari/537.36"
69.197.184.234 - - [07/Apr/2025:19:20:26 -0300] "GET /wp-content/admin.php?id=574597 HTTP/1.1" 200 - "http://qualidadedosonocolchoes.com.br/wp-content/admin.php?id=574597" "Mozilla/5.0 (Windows NT 10.0; Win64; x64) AppleWebKit/537.36 (KHTML, like Gecko) Chrome/58.0.3029.110 Safari/537.3"
69.197.184.234 - - [07/Apr/2025:19:22:03 -0300] "GET /wp-content/admin.php?id=574597 HTTP/1.1" 200 - "http://qualidadedosonocolchoes.com.br/wp-content/admin.php?id=574597" "Mozilla/5.0 (Windows NT 10.0; Win64; x64) AppleWebKit/537.36 (KHTML, like Gecko) Chrome/58.0.3029.110 Safari/537.3"
194.238.24.238 - - [07/Apr/2025:19:24:00 -0300] "GET /wp-content/admin.php HTTP/1.1" 200 6 "-" "Mozilla/5.0 (Linux; Android 7.0; SM-G892A Build/NRD90M; wv) AppleWebKit/537.36 (KHTML, like Gecko) Version/4.0 Chrome/60.0.3112.107 Mobile Safari/537.36"
194.238.24.238 - - [07/Apr/2025:19:24:00 -0300] "GET /wp-admin/includes/index.php HTTP/1.1" 200 46923 "-" "Mozilla/5.0 (Linux; Android 7.0; SM-G892A Build/NRD90M; wv) AppleWebKit/537.36 (KHTML, like Gecko) Version/4.0 Chrome/60.0.3112.107 Mobile Safari/537.36"
69.197.184.234 - - [07/Apr/2025:19:23:49 -0300] "GET /wp-content/admin.php?id=574597 HTTP/1.1" 200 - "http://qualidadedosonocolchoes.com.br/wp-content/admin.php?id=574597" "Mozilla/5.0 (Windows NT 10.0; Win64; x64) AppleWebKit/537.36 (KHTML, like Gecko) Chrome/58.0.3029.110 Safari/537.3"
43.153.7.191 - - [07/Apr/2025:19:26:42 -0300] "GET /?path=//dev HTTP/1.1" 200 18117 "-" "Mozilla/5.0 (iPhone; CPU iPhone OS 13_2_3 like Mac OS X) AppleWebKit/605.1.15 (KHTML, like Gecko) Version/13.0.3 Mobile/15E148 Safari/604.1"
194.238.24.238 - - [07/Apr/2025:19:27:48 -0300] "GET /wp-content/plugins/linkpreview/db.php?u HTTP/1.1" 200 46923 "-" "Mozilla/5.0 (Linux; Android 7.0; SM-G892A Build/NRD90M; wv) AppleWebKit/537.36 (KHTML, like Gecko) Version/4.0 Chrome/60.0.3112.107 Mobile Safari/537.36"
69.197.184.234 - - [07/Apr/2025:19:25:38 -0300] "GET /wp-content/admin.php?id=574597 HTTP/1.1" 200 - "http://qualidadedosonocolchoes.com.br/wp-content/admin.php?id=574597" "Mozilla/5.0 (Windows NT 10.0; Win64; x64) AppleWebKit/537.36 (KHTML, like Gecko) Chrome/58.0.3029.110 Safari/537.3"
13.90.228.45 - - [07/Apr/2025:19:28:38 -0300] "HEAD /wordpress HTTP/1.1" 200 - "-" "Mozilla/5.0 (Windows NT 10.0; Win64; x64) AppleWebKit/537.36 (KHTML, like Gecko) Chrome/74.0.3729.169 Safari/537.36"
13.90.228.45 - - [07/Apr/2025:19:28:38 -0300] "HEAD / HTTP/1.1" 200 - "-" "Mozilla/5.0 (Windows NT 10.0; Win64; x64) AppleWebKit/537.36 (KHTML, like Gecko) Chrome/74.0.3729.169 Safari/537.36"
13.90.228.45 - - [07/Apr/2025:19:28:38 -0300] "HEAD /wp HTTP/1.1" 200 - "-" "Mozilla/5.0 (Windows NT 10.0; Win64; x64) AppleWebKit/537.36 (KHTML, like Gecko) Chrome/74.0.3729.169 Safari/537.36"
13.90.228.45 - - [07/Apr/2025:19:28:39 -0300] "HEAD /bc HTTP/1.1" 200 - "-" "Mozilla/5.0 (Windows NT 10.0; Win64; x64) AppleWebKit/537.36 (KHTML, like Gecko) Chrome/74.0.3729.169 Safari/537.36"
13.90.228.45 - - [07/Apr/2025:19:28:39 -0300] "HEAD /bk HTTP/1.1" 200 - "-" "Mozilla/5.0 (Windows NT 10.0; Win64; x64) AppleWebKit/537.36 (KHTML, like Gecko) Chrome/74.0.3729.169 Safari/537.36"
13.90.228.45 - - [07/Apr/2025:19:28:40 -0300] "HEAD /backup HTTP/1.1" 200 - "-" "Mozilla/5.0 (Windows NT 10.0; Win64; x64) AppleWebKit/537.36 (KHTML, like Gecko) Chrome/74.0.3729.169 Safari/537.36"
13.90.228.45 - - [07/Apr/2025:19:28:40 -0300] "HEAD /old HTTP/1.1" 200 - "-" "Mozilla/5.0 (Windows NT 10.0; Win64; x64) AppleWebKit/537.36 (KHTML, like Gecko) Chrome/74.0.3729.169 Safari/537.36"
13.90.228.45 - - [07/Apr/2025:19:28:41 -0300] "HEAD /new HTTP/1.1" 200 - "-" "Mozilla/5.0 (Windows NT 10.0; Win64; x64) AppleWebKit/537.36 (KHTML, like Gecko) Chrome/74.0.3729.169 Safari/537.36"
13.90.228.45 - - [07/Apr/2025:19:28:41 -0300] "HEAD /main HTTP/1.1" 200 - "-" "Mozilla/5.0 (Windows NT 10.0; Win64; x64) AppleWebKit/537.36 (KHTML, like Gecko) Chrome/74.0.3729.169 Safari/537.36"
13.90.228.45 - - [07/Apr/2025:19:28:42 -0300] "HEAD /home HTTP/1.1" 200 - "-" "Mozilla/5.0 (Windows NT 10.0; Win64; x64) AppleWebKit/537.36 (KHTML, like Gecko) Chrome/74.0.3729.169 Safari/537.36"
170.106.143.6 - - [07/Apr/2025:19:35:28 -0300] "GET /?fileloc=/home/qscolchoes/public_html/style.php&path=/home/qscolchoes/public_html HTTP/1.1" 200 17102 "-" "Mozilla/5.0 (iPhone; CPU iPhone OS 13_2_3 like Mac OS X) AppleWebKit/605.1.15 (KHTML, like Gecko) Version/13.0.3 Mobile/15E148 Safari/604.1"
194.238.24.238 - - [07/Apr/2025:19:34:42 -0300] "GET /wp-content/admin.php HTTP/1.1" 200 - "-" "Mozilla/5.0 (Linux; Android 7.0; SM-G892A Build/NRD90M; wv) AppleWebKit/537.36 (KHTML, like Gecko) Version/4.0 Chrome/60.0.3112.107 Mobile Safari/537.36"
69.197.184.234 - - [07/Apr/2025:19:36:44 -0300] "GET /wp-content/admin.php?id=574597 HTTP/1.1" 200 - "http://qualidadedosonocolchoes.com.br/wp-content/admin.php?id=574597" "Mozilla/5.0 (Windows NT 10.0; Win64; x64) AppleWebKit/537.36 (KHTML, like Gecko) Chrome/58.0.3029.110 Safari/537.3"
194.238.24.238 - - [07/Apr/2025:19:43:20 -0300] "GET /wp-content/admin.php HTTP/1.1" 200 6 "-" "Mozilla/5.0 (Linux; Android 7.0; SM-G892A Build/NRD90M; wv) AppleWebKit/537.36 (KHTML, like Gecko) Version/4.0 Chrome/60.0.3112.107 Mobile Safari/537.36"
194.238.24.238 - - [07/Apr/2025:19:43:20 -0300] "GET /wp-admin/includes/index.php HTTP/1.1" 200 46923 "-" "Mozilla/5.0 (Linux; Android 7.0; SM-G892A Build/NRD90M; wv) AppleWebKit/537.36 (KHTML, like Gecko) Version/4.0 Chrome/60.0.3112.107 Mobile Safari/537.36"
194.238.24.238 - - [07/Apr/2025:19:42:44 -0300] "GET /wp-content/admin.php HTTP/1.1" 200 - "-" "Mozilla/5.0 (Linux; Android 7.0; SM-G892A Build/NRD90M; wv) AppleWebKit/537.36 (KHTML, like Gecko) Version/4.0 Chrome/60.0.3112.107 Mobile Safari/537.36"
170.106.11.6 - - [07/Apr/2025:19:45:22 -0300] "GET /?path=/home/qscolchoes HTTP/1.1" 200 47558 "-" "Mozilla/5.0 (iPhone; CPU iPhone OS 13_2_3 like Mac OS X) AppleWebKit/605.1.15 (KHTML, like Gecko) Version/13.0.3 Mobile/15E148 Safari/604.1"
194.238.24.238 - - [07/Apr/2025:19:50:46 -0300] "GET /wp-content/admin.php HTTP/1.1" 200 - "-" "Mozilla/5.0 (Linux; Android 7.0; SM-G892A Build/NRD90M; wv) AppleWebKit/537.36 (KHTML, like Gecko) Version/4.0 Chrome/60.0.3112.107 Mobile Safari/537.36"
40.69.84.175 - - [07/Apr/2025:19:54:03 -0300] "GET /gins/wp-help/ HTTP/1.1" 200 46923 "-" "-"
69.197.184.234 - - [07/Apr/2025:19:53:00 -0300] "GET /wp-content/admin.php?id=574597 HTTP/1.1" 200 - "http://qualidadedosonocolchoes.com.br/wp-content/admin.php?id=574597" "Mozilla/5.0 (Windows NT 10.0; Win64; x64) AppleWebKit/537.36 (KHTML, like Gecko) Chrome/58.0.3029.110 Safari/537.3"
69.197.184.234 - - [07/Apr/2025:19:54:54 -0300] "GET /wp-content/admin.php?id=574597 HTTP/1.1" 200 - "http://qualidadedosonocolchoes.com.br/wp-content/admin.php?id=574597" "Mozilla/5.0 (Windows NT 10.0; Win64; x64) AppleWebKit/537.36 (KHTML, like Gecko) Chrome/58.0.3029.110 Safari/537.3"
194.238.24.238 - - [07/Apr/2025:19:58:19 -0300] "GET /malicious.php HTTP/1.1" 403 46923 "-" "Mozilla/5.0 (Linux; Android 7.0; SM-G892A Build/NRD90M; wv) AppleWebKit/537.36 (KHTML, like Gecko) Version/4.0 Chrome/60.0.3112.107 Mobile Safari/537.36"
194.238.24.238 - - [07/Apr/2025:19:58:20 -0300] "GET /wp.php HTTP/1.1" 403 46923 "-" "Mozilla/5.0 (Linux; Android 7.0; SM-G892A Build/NRD90M; wv) AppleWebKit/537.36 (KHTML, like Gecko) Version/4.0 Chrome/60.0.3112.107 Mobile Safari/537.36"
69.197.184.234 - - [07/Apr/2025:19:56:38 -0300] "GET /wp-content/admin.php?id=574597 HTTP/1.1" 200 - "http://qualidadedosonocolchoes.com.br/wp-content/admin.php?id=574597" "Mozilla/5.0 (Windows NT 10.0; Win64; x64) AppleWebKit/537.36 (KHTML, like Gecko) Chrome/58.0.3029.110 Safari/537.3"
194.238.24.238 - - [07/Apr/2025:19:58:21 -0300] "GET /wp-admin/shapes.php HTTP/1.1" 403 46923 "-" "Mozilla/5.0 (Linux; Android 7.0; SM-G892A Build/NRD90M; wv) AppleWebKit/537.36 (KHTML, like Gecko) Version/4.0 Chrome/60.0.3112.107 Mobile Safari/537.36"
194.238.24.238 - - [07/Apr/2025:19:58:22 -0300] "GET /dropdown.php HTTP/1.1" 403 46923 "-" "Mozilla/5.0 (Linux; Android 7.0; SM-G892A Build/NRD90M; wv) AppleWebKit/537.36 (KHTML, like Gecko) Version/4.0 Chrome/60.0.3112.107 Mobile Safari/537.36"
194.238.24.238 - - [07/Apr/2025:19:58:23 -0300] "GET /wp-content/themes/seotheme/db.php?u HTTP/1.1" 200 46923 "-" "Mozilla/5.0 (Linux; Android 7.0; SM-G892A Build/NRD90M; wv) AppleWebKit/537.36 (KHTML, like Gecko) Version/4.0 Chrome/60.0.3112.107 Mobile Safari/537.36"
149.154.161.214 - - [07/Apr/2025:19:58:29 -0300] "GET /gins/wp-help/ HTTP/1.1" 200 46923 "-" "TelegramBot (like TwitterBot)"
43.130.60.195 - - [07/Apr/2025:20:00:24 -0300] "GET /?path=/home/qscolchoes/.cpanel HTTP/1.1" 200 15740 "-" "Mozilla/5.0 (iPhone; CPU iPhone OS 13_2_3 like Mac OS X) AppleWebKit/605.1.15 (KHTML, like Gecko) Version/13.0.3 Mobile/15E148 Safari/604.1"
69.197.184.234 - - [07/Apr/2025:19:58:38 -0300] "GET /wp-content/admin.php?id=574597 HTTP/1.1" 200 - "http://qualidadedosonocolchoes.com.br/wp-content/admin.php?id=574597" "Mozilla/5.0 (Windows NT 10.0; Win64; x64) AppleWebKit/537.36 (KHTML, like Gecko) Chrome/58.0.3029.110 Safari/537.3"
194.238.24.238 - - [07/Apr/2025:20:04:09 -0300] "GET /wp-content/uploads/bk/index.php HTTP/1.1" 200 46923 "-" "Mozilla/5.0 (Linux; Android 7.0; SM-G892A Build/NRD90M; wv) AppleWebKit/537.36 (KHTML, like Gecko) Version/4.0 Chrome/60.0.3112.107 Mobile Safari/537.36"
194.238.24.238 - - [07/Apr/2025:20:05:13 -0300] "GET /wp-content/uploads/bk/index.php HTTP/1.1" 200 46923 "-" "Mozilla/5.0 (Linux; Android 7.0; SM-G892A Build/NRD90M; wv) AppleWebKit/537.36 (KHTML, like Gecko) Version/4.0 Chrome/60.0.3112.107 Mobile Safari/537.36"
194.238.24.238 - - [07/Apr/2025:20:06:41 -0300] "GET /wp-content/uploads/bk/index.php HTTP/1.1" 200 46924 "-" "Mozilla/5.0 (Linux; Android 7.0; SM-G892A Build/NRD90M; wv) AppleWebKit/537.36 (KHTML, like Gecko) Version/4.0 Chrome/60.0.3112.107 Mobile Safari/537.36"
150.109.230.210 - - [07/Apr/2025:20:08:47 -0300] "GET /?path=/home/qscolchoes/.cphorde HTTP/1.1" 200 6656 "-" "Mozilla/5.0 (iPhone; CPU iPhone OS 13_2_3 like Mac OS X) AppleWebKit/605.1.15 (KHTML, like Gecko) Version/13.0.3 Mobile/15E148 Safari/604.1"
194.238.24.238 - - [07/Apr/2025:20:09:51 -0300] "GET /wp-content/uploads/bk/index.php HTTP/1.1" 200 46923 "-" "Mozilla/5.0 (Linux; Android 7.0; SM-G892A Build/NRD90M; wv) AppleWebKit/537.36 (KHTML, like Gecko) Version/4.0 Chrome/60.0.3112.107 Mobile Safari/537.36"
194.238.24.238 - - [07/Apr/2025:20:12:33 -0300] "GET /wp-content/uploads/bk/index.php HTTP/1.1" 200 46923 "-" "Mozilla/5.0 (Linux; Android 7.0; SM-G892A Build/NRD90M; wv) AppleWebKit/537.36 (KHTML, like Gecko) Version/4.0 Chrome/60.0.3112.107 Mobile Safari/537.36"
194.238.24.238 - - [07/Apr/2025:20:15:48 -0300] "GET /wp-content/uploads/bk/index.php HTTP/1.1" 200 46923 "-" "Mozilla/5.0 (Linux; Android 7.0; SM-G892A Build/NRD90M; wv) AppleWebKit/537.36 (KHTML, like Gecko) Version/4.0 Chrome/60.0.3112.107 Mobile Safari/537.36"
194.238.24.238 - - [07/Apr/2025:20:16:09 -0300] "GET /wp-content/uploads/bk/index.php HTTP/1.1" 200 46924 "-" "Mozilla/5.0 (Linux; Android 7.0; SM-G892A Build/NRD90M; wv) AppleWebKit/537.36 (KHTML, like Gecko) Version/4.0 Chrome/60.0.3112.107 Mobile Safari/537.36"
194.238.24.238 - - [07/Apr/2025:20:17:01 -0300] "GET /wp-content/uploads/bk/index.php HTTP/1.1" 200 46923 "-" "Mozilla/5.0 (Linux; Android 7.0; SM-G892A Build/NRD90M; wv) AppleWebKit/537.36 (KHTML, like Gecko) Version/4.0 Chrome/60.0.3112.107 Mobile Safari/537.36"
194.238.24.238 - - [07/Apr/2025:20:18:20 -0300] "GET /wp-content/uploads/bk/index.php HTTP/1.1" 200 46923 "-" "Mozilla/5.0 (Linux; Android 7.0; SM-G892A Build/NRD90M; wv) AppleWebKit/537.36 (KHTML, like Gecko) Version/4.0 Chrome/60.0.3112.107 Mobile Safari/537.36"
43.157.180.116 - - [07/Apr/2025:20:18:32 -0300] "GET /?path=/home/qscolchoes/.koality HTTP/1.1" 200 3467 "-" "Mozilla/5.0 (iPhone; CPU iPhone OS 13_2_3 like Mac OS X) AppleWebKit/605.1.15 (KHTML, like Gecko) Version/13.0.3 Mobile/15E148 Safari/604.1"
194.238.24.238 - - [07/Apr/2025:20:18:36 -0300] "GET /wp-content/uploads/bk/index.php HTTP/1.1" 200 46923 "-" "Mozilla/5.0 (Linux; Android 7.0; SM-G892A Build/NRD90M; wv) AppleWebKit/537.36 (KHTML, like Gecko) Version/4.0 Chrome/60.0.3112.107 Mobile Safari/537.36"
194.238.24.238 - - [07/Apr/2025:20:19:02 -0300] "GET /wp-content/uploads/bk/index.php HTTP/1.1" 200 46923 "-" "Mozilla/5.0 (Linux; Android 7.0; SM-G892A Build/NRD90M; wv) AppleWebKit/537.36 (KHTML, like Gecko) Version/4.0 Chrome/60.0.3112.107 Mobile Safari/537.36"
194.238.24.238 - - [07/Apr/2025:20:19:44 -0300] "GET /wp-includes/bk/index.php HTTP/1.1" 200 46923 "-" "Mozilla/5.0 (Linux; Android 7.0; SM-G892A Build/NRD90M; wv) AppleWebKit/537.36 (KHTML, like Gecko) Version/4.0 Chrome/60.0.3112.107 Mobile Safari/537.36"
51.159.225.157 - - [07/Apr/2025:20:21:01 -0300] "GET /templates/ HTTP/1.1" 200 46923 "-" "Mozilla/5.0 (Windows NT 10.0; Win64; x64) AppleWebKit/537.36 (KHTML, like Gecko) Chrome/135.0.0.0 Safari/537.36 Edg/135.0.0.0"
51.159.225.157 - - [07/Apr/2025:20:21:19 -0300] "GET /favicon.ico HTTP/1.1" 200 46924 "http://qualidadedosonocolchoes.com.br/templates/" "Mozilla/5.0 (Windows NT 10.0; Win64; x64) AppleWebKit/537.36 (KHTML, like Gecko) Chrome/135.0.0.0 Safari/537.36 Edg/135.0.0.0"
194.238.24.238 - - [07/Apr/2025:20:22:06 -0300] "GET /wp-content/uploads/bk/index.php HTTP/1.1" 200 46923 "-" "Mozilla/5.0 (Linux; Android 7.0; SM-G892A Build/NRD90M; wv) AppleWebKit/537.36 (KHTML, like Gecko) Version/4.0 Chrome/60.0.3112.107 Mobile Safari/537.36"
194.238.24.238 - - [07/Apr/2025:20:23:06 -0300] "GET /wp-includes/bk/index.php HTTP/1.1" 200 46951 "-" "Mozilla/5.0 (Linux; Android 7.0; SM-G892A Build/NRD90M; wv) AppleWebKit/537.36 (KHTML, like Gecko) Version/4.0 Chrome/60.0.3112.107 Mobile Safari/537.36"
194.238.24.238 - - [07/Apr/2025:20:23:57 -0300] "GET /wp-content/uploads/bk/index.php HTTP/1.1" 200 46923 "-" "Mozilla/5.0 (Linux; Android 7.0; SM-G892A Build/NRD90M; wv) AppleWebKit/537.36 (KHTML, like Gecko) Version/4.0 Chrome/60.0.3112.107 Mobile Safari/537.36"
194.238.24.238 - - [07/Apr/2025:20:26:23 -0300] "GET /wp-content/uploads/bk/index.php HTTP/1.1" 200 46923 "-" "Mozilla/5.0 (Linux; Android 7.0; SM-G892A Build/NRD90M; wv) AppleWebKit/537.36 (KHTML, like Gecko) Version/4.0 Chrome/60.0.3112.107 Mobile Safari/537.36"
194.238.24.238 - - [07/Apr/2025:20:27:24 -0300] "GET /wp-content/uploads/bk/index.php HTTP/1.1" 200 46923 "-" "Mozilla/5.0 (Linux; Android 7.0; SM-G892A Build/NRD90M; wv) AppleWebKit/537.36 (KHTML, like Gecko) Version/4.0 Chrome/60.0.3112.107 Mobile Safari/537.36"
194.238.24.238 - - [07/Apr/2025:20:28:50 -0300] "GET /wp-content/uploads/bk/index.php HTTP/1.1" 200 46923 "-" "Mozilla/5.0 (Linux; Android 7.0; SM-G892A Build/NRD90M; wv) AppleWebKit/537.36 (KHTML, like Gecko) Version/4.0 Chrome/60.0.3112.107 Mobile Safari/537.36"
194.238.24.238 - - [07/Apr/2025:20:29:27 -0300] "GET /wp-content/uploads/bk/index.php HTTP/1.1" 200 46924 "-" "Mozilla/5.0 (Linux; Android 7.0; SM-G892A Build/NRD90M; wv) AppleWebKit/537.36 (KHTML, like Gecko) Version/4.0 Chrome/60.0.3112.107 Mobile Safari/537.36"
172.200.47.115 - - [07/Apr/2025:20:30:36 -0300] "GET /sts.php HTTP/1.1" 403 46923 "-" "-"
194.238.24.238 - - [07/Apr/2025:20:30:47 -0300] "GET /wp-content/uploads/bk/index.php HTTP/1.1" 200 46923 "-" "Mozilla/5.0 (Linux; Android 7.0; SM-G892A Build/NRD90M; wv) AppleWebKit/537.36 (KHTML, like Gecko) Version/4.0 Chrome/60.0.3112.107 Mobile Safari/537.36"
149.154.161.215 - - [07/Apr/2025:20:31:08 -0300] "GET /sts.php HTTP/1.1" 403 46924 "-" "TelegramBot (like TwitterBot)"
49.51.233.95 - - [07/Apr/2025:20:31:19 -0300] "GET /?path=/home/qscolchoes/.pki HTTP/1.1" 200 4193 "-" "Mozilla/5.0 (iPhone; CPU iPhone OS 13_2_3 like Mac OS X) AppleWebKit/605.1.15 (KHTML, like Gecko) Version/13.0.3 Mobile/15E148 Safari/604.1"
194.238.24.238 - - [07/Apr/2025:20:32:28 -0300] "GET /wp-content/uploads/bk/index.php HTTP/1.1" 200 46923 "-" "Mozilla/5.0 (Linux; Android 7.0; SM-G892A Build/NRD90M; wv) AppleWebKit/537.36 (KHTML, like Gecko) Version/4.0 Chrome/60.0.3112.107 Mobile Safari/537.36"
40.69.84.175 - - [07/Apr/2025:20:34:51 -0300] "GET /gins/wp-help/ HTTP/1.1" 200 46923 "-" "-"
194.238.24.238 - - [07/Apr/2025:20:35:13 -0300] "GET /wp-content/uploads/bk/index.php HTTP/1.1" 200 46923 "-" "Mozilla/5.0 (Linux; Android 7.0; SM-G892A Build/NRD90M; wv) AppleWebKit/537.36 (KHTML, like Gecko) Version/4.0 Chrome/60.0.3112.107 Mobile Safari/537.36"
194.238.24.238 - - [07/Apr/2025:20:36:04 -0300] "GET /wp-content/uploads/bk/index.php HTTP/1.1" 200 46924 "-" "Mozilla/5.0 (Linux; Android 7.0; SM-G892A Build/NRD90M; wv) AppleWebKit/537.36 (KHTML, like Gecko) Version/4.0 Chrome/60.0.3112.107 Mobile Safari/537.36"
149.154.161.230 - - [07/Apr/2025:20:38:35 -0300] "GET /gins/wp-help/ HTTP/1.1" 200 46923 "-" "TelegramBot (like TwitterBot)"
170.106.180.246 - - [07/Apr/2025:20:41:14 -0300] "GET /?path=/home/qscolchoes/tmp HTTP/1.1" 200 13645 "-" "Mozilla/5.0 (iPhone; CPU iPhone OS 13_2_3 like Mac OS X) AppleWebKit/605.1.15 (KHTML, like Gecko) Version/13.0.3 Mobile/15E148 Safari/604.1"
172.176.76.180 - - [07/Apr/2025:20:43:19 -0300] "HEAD /wordpress HTTP/1.1" 200 - "-" "Mozilla/5.0 (Windows NT 10.0; Win64; x64) AppleWebKit/537.36 (KHTML, like Gecko) Chrome/74.0.3729.169 Safari/537.36"
172.176.76.180 - - [07/Apr/2025:20:43:19 -0300] "HEAD / HTTP/1.1" 200 - "-" "Mozilla/5.0 (Windows NT 10.0; Win64; x64) AppleWebKit/537.36 (KHTML, like Gecko) Chrome/74.0.3729.169 Safari/537.36"
172.176.76.180 - - [07/Apr/2025:20:43:20 -0300] "HEAD /wp HTTP/1.1" 200 - "-" "Mozilla/5.0 (Windows NT 10.0; Win64; x64) AppleWebKit/537.36 (KHTML, like Gecko) Chrome/74.0.3729.169 Safari/537.36"
172.176.76.180 - - [07/Apr/2025:20:43:20 -0300] "HEAD /bc HTTP/1.1" 200 - "-" "Mozilla/5.0 (Windows NT 10.0; Win64; x64) AppleWebKit/537.36 (KHTML, like Gecko) Chrome/74.0.3729.169 Safari/537.36"
172.176.76.180 - - [07/Apr/2025:20:43:21 -0300] "HEAD /bk HTTP/1.1" 200 - "-" "Mozilla/5.0 (Windows NT 10.0; Win64; x64) AppleWebKit/537.36 (KHTML, like Gecko) Chrome/74.0.3729.169 Safari/537.36"
172.176.76.180 - - [07/Apr/2025:20:43:21 -0300] "HEAD /backup HTTP/1.1" 200 - "-" "Mozilla/5.0 (Windows NT 10.0; Win64; x64) AppleWebKit/537.36 (KHTML, like Gecko) Chrome/74.0.3729.169 Safari/537.36"
172.176.76.180 - - [07/Apr/2025:20:43:22 -0300] "HEAD /old HTTP/1.1" 200 - "-" "Mozilla/5.0 (Windows NT 10.0; Win64; x64) AppleWebKit/537.36 (KHTML, like Gecko) Chrome/74.0.3729.169 Safari/537.36"
172.176.76.180 - - [07/Apr/2025:20:43:22 -0300] "HEAD /new HTTP/1.1" 200 - "-" "Mozilla/5.0 (Windows NT 10.0; Win64; x64) AppleWebKit/537.36 (KHTML, like Gecko) Chrome/74.0.3729.169 Safari/537.36"
172.176.76.180 - - [07/Apr/2025:20:43:23 -0300] "HEAD /main HTTP/1.1" 200 - "-" "Mozilla/5.0 (Windows NT 10.0; Win64; x64) AppleWebKit/537.36 (KHTML, like Gecko) Chrome/74.0.3729.169 Safari/537.36"
172.176.76.180 - - [07/Apr/2025:20:43:23 -0300] "HEAD /home HTTP/1.1" 200 - "-" "Mozilla/5.0 (Windows NT 10.0; Win64; x64) AppleWebKit/537.36 (KHTML, like Gecko) Chrome/74.0.3729.169 Safari/537.36"
170.106.82.209 - - [07/Apr/2025:20:50:43 -0300] "GET /?path=/home/qscolchoes/wordpress-backups HTTP/1.1" 200 3485 "-" "Mozilla/5.0 (iPhone; CPU iPhone OS 13_2_3 like Mac OS X) AppleWebKit/605.1.15 (KHTML, like Gecko) Version/13.0.3 Mobile/15E148 Safari/604.1"
167.86.111.165 - - [07/Apr/2025:20:59:40 -0300] "GET /wp-content/plugins/upspy/index.php HTTP/1.1" 403 46922 "-" "Mozilla/5.0 (Linux; Android 7.0; SM-G892A Build/NRD90M; wv) AppleWebKit/537.36 (KHTML, like Gecko) Version/4.0 Chrome/60.0.3112.107 Mobile Safari/537.36"
194.238.24.238 - - [07/Apr/2025:21:06:07 -0300] "GET /plugins/function.php HTTP/1.1" 200 46923 "-" "Mozilla/5.0 (Linux; Android 7.0; SM-G892A Build/NRD90M; wv) AppleWebKit/537.36 (KHTML, like Gecko) Version/4.0 Chrome/60.0.3112.107 Mobile Safari/537.36"
194.238.24.238 - - [07/Apr/2025:21:14:16 -0300] "GET /class-db.php HTTP/1.1" 403 46923 "-" "Mozilla/5.0 (Linux; Android 7.0; SM-G892A Build/NRD90M; wv) AppleWebKit/537.36 (KHTML, like Gecko) Version/4.0 Chrome/60.0.3112.107 Mobile Safari/537.36"
194.238.24.238 - - [07/Apr/2025:21:14:17 -0300] "GET /wp-content/plugins/core/include.php HTTP/1.1" 200 46923 "-" "Mozilla/5.0 (Linux; Android 7.0; SM-G892A Build/NRD90M; wv) AppleWebKit/537.36 (KHTML, like Gecko) Version/4.0 Chrome/60.0.3112.107 Mobile Safari/537.36"
194.238.24.238 - - [07/Apr/2025:21:22:51 -0300] "GET /images/mar.php HTTP/1.1" 403 46923 "-" "Mozilla/5.0 (Linux; Android 7.0; SM-G892A Build/NRD90M; wv) AppleWebKit/537.36 (KHTML, like Gecko) Version/4.0 Chrome/60.0.3112.107 Mobile Safari/537.36"
194.238.24.238 - - [07/Apr/2025:21:22:52 -0300] "GET /wp-includes/images/wp-login.php HTTP/1.1" 200 46924 "-" "Mozilla/5.0 (Linux; Android 7.0; SM-G892A Build/NRD90M; wv) AppleWebKit/537.36 (KHTML, like Gecko) Version/4.0 Chrome/60.0.3112.107 Mobile Safari/537.36"
52.168.87.154 - - [07/Apr/2025:21:23:21 -0300] "HEAD /wordpress HTTP/1.1" 200 - "-" "Mozilla/5.0 (Windows NT 10.0; Win64; x64) AppleWebKit/537.36 (KHTML, like Gecko) Chrome/74.0.3729.169 Safari/537.36"
52.168.87.154 - - [07/Apr/2025:21:23:21 -0300] "HEAD / HTTP/1.1" 200 - "-" "Mozilla/5.0 (Windows NT 10.0; Win64; x64) AppleWebKit/537.36 (KHTML, like Gecko) Chrome/74.0.3729.169 Safari/537.36"
52.168.87.154 - - [07/Apr/2025:21:23:22 -0300] "HEAD /wp HTTP/1.1" 200 - "-" "Mozilla/5.0 (Windows NT 10.0; Win64; x64) AppleWebKit/537.36 (KHTML, like Gecko) Chrome/74.0.3729.169 Safari/537.36"
52.168.87.154 - - [07/Apr/2025:21:23:22 -0300] "HEAD /bc HTTP/1.1" 200 - "-" "Mozilla/5.0 (Windows NT 10.0; Win64; x64) AppleWebKit/537.36 (KHTML, like Gecko) Chrome/74.0.3729.169 Safari/537.36"
52.168.87.154 - - [07/Apr/2025:21:23:23 -0300] "HEAD /bk HTTP/1.1" 200 - "-" "Mozilla/5.0 (Windows NT 10.0; Win64; x64) AppleWebKit/537.36 (KHTML, like Gecko) Chrome/74.0.3729.169 Safari/537.36"
52.168.87.154 - - [07/Apr/2025:21:23:23 -0300] "HEAD /backup HTTP/1.1" 200 - "-" "Mozilla/5.0 (Windows NT 10.0; Win64; x64) AppleWebKit/537.36 (KHTML, like Gecko) Chrome/74.0.3729.169 Safari/537.36"
52.168.87.154 - - [07/Apr/2025:21:23:24 -0300] "HEAD /old HTTP/1.1" 200 - "-" "Mozilla/5.0 (Windows NT 10.0; Win64; x64) AppleWebKit/537.36 (KHTML, like Gecko) Chrome/74.0.3729.169 Safari/537.36"
52.168.87.154 - - [07/Apr/2025:21:23:24 -0300] "HEAD /new HTTP/1.1" 200 - "-" "Mozilla/5.0 (Windows NT 10.0; Win64; x64) AppleWebKit/537.36 (KHTML, like Gecko) Chrome/74.0.3729.169 Safari/537.36"
52.168.87.154 - - [07/Apr/2025:21:23:24 -0300] "HEAD /main HTTP/1.1" 200 - "-" "Mozilla/5.0 (Windows NT 10.0; Win64; x64) AppleWebKit/537.36 (KHTML, like Gecko) Chrome/74.0.3729.169 Safari/537.36"
52.168.87.154 - - [07/Apr/2025:21:23:25 -0300] "HEAD /home HTTP/1.1" 200 - "-" "Mozilla/5.0 (Windows NT 10.0; Win64; x64) AppleWebKit/537.36 (KHTML, like Gecko) Chrome/74.0.3729.169 Safari/537.36"
104.28.208.87 - - [07/Apr/2025:21:29:35 -0300] "GET /wp-includes/blocks/unix.php HTTP/1.1" 403 46924 "-" "Mozilla/5.0 (Windows NT 10.0; Win64; x64) AppleWebKit/537.36 (KHTML, like Gecko) Chrome/134.0.0.0 Safari/537.36"
104.28.208.87 - - [07/Apr/2025:21:29:39 -0300] "GET /favicon.ico HTTP/1.1" 200 46924 "http://qualidadedosonocolchoes.com.br/wp-includes/blocks/unix.php" "Mozilla/5.0 (Windows NT 10.0; Win64; x64) AppleWebKit/537.36 (KHTML, like Gecko) Chrome/134.0.0.0 Safari/537.36"
172.176.72.226 - - [07/Apr/2025:21:34:50 -0300] "HEAD /wordpress HTTP/1.1" 200 - "-" "Mozilla/5.0 (Windows NT 10.0; Win64; x64) AppleWebKit/537.36 (KHTML, like Gecko) Chrome/74.0.3729.169 Safari/537.36"
172.176.72.226 - - [07/Apr/2025:21:34:50 -0300] "HEAD / HTTP/1.1" 200 - "-" "Mozilla/5.0 (Windows NT 10.0; Win64; x64) AppleWebKit/537.36 (KHTML, like Gecko) Chrome/74.0.3729.169 Safari/537.36"
172.176.72.226 - - [07/Apr/2025:21:34:50 -0300] "HEAD /wp HTTP/1.1" 200 - "-" "Mozilla/5.0 (Windows NT 10.0; Win64; x64) AppleWebKit/537.36 (KHTML, like Gecko) Chrome/74.0.3729.169 Safari/537.36"
172.176.72.226 - - [07/Apr/2025:21:34:51 -0300] "HEAD /bc HTTP/1.1" 200 - "-" "Mozilla/5.0 (Windows NT 10.0; Win64; x64) AppleWebKit/537.36 (KHTML, like Gecko) Chrome/74.0.3729.169 Safari/537.36"
172.176.72.226 - - [07/Apr/2025:21:34:51 -0300] "HEAD /bk HTTP/1.1" 200 - "-" "Mozilla/5.0 (Windows NT 10.0; Win64; x64) AppleWebKit/537.36 (KHTML, like Gecko) Chrome/74.0.3729.169 Safari/537.36"
172.176.72.226 - - [07/Apr/2025:21:34:52 -0300] "HEAD /backup HTTP/1.1" 200 - "-" "Mozilla/5.0 (Windows NT 10.0; Win64; x64) AppleWebKit/537.36 (KHTML, like Gecko) Chrome/74.0.3729.169 Safari/537.36"
172.176.72.226 - - [07/Apr/2025:21:34:52 -0300] "HEAD /old HTTP/1.1" 200 - "-" "Mozilla/5.0 (Windows NT 10.0; Win64; x64) AppleWebKit/537.36 (KHTML, like Gecko) Chrome/74.0.3729.169 Safari/537.36"
172.176.72.226 - - [07/Apr/2025:21:34:53 -0300] "HEAD /new HTTP/1.1" 200 - "-" "Mozilla/5.0 (Windows NT 10.0; Win64; x64) AppleWebKit/537.36 (KHTML, like Gecko) Chrome/74.0.3729.169 Safari/537.36"
172.176.72.226 - - [07/Apr/2025:21:34:53 -0300] "HEAD /main HTTP/1.1" 200 - "-" "Mozilla/5.0 (Windows NT 10.0; Win64; x64) AppleWebKit/537.36 (KHTML, like Gecko) Chrome/74.0.3729.169 Safari/537.36"
172.176.72.226 - - [07/Apr/2025:21:34:54 -0300] "HEAD /home HTTP/1.1" 200 - "-" "Mozilla/5.0 (Windows NT 10.0; Win64; x64) AppleWebKit/537.36 (KHTML, like Gecko) Chrome/74.0.3729.169 Safari/537.36"
194.238.24.238 - - [07/Apr/2025:21:37:13 -0300] "GET /images/mar.php HTTP/1.1" 403 46923 "-" "Mozilla/5.0 (Linux; Android 7.0; SM-G892A Build/NRD90M; wv) AppleWebKit/537.36 (KHTML, like Gecko) Version/4.0 Chrome/60.0.3112.107 Mobile Safari/537.36"
194.238.24.238 - - [07/Apr/2025:21:37:13 -0300] "GET /class-db.php HTTP/1.1" 403 46923 "-" "Mozilla/5.0 (Linux; Android 7.0; SM-G892A Build/NRD90M; wv) AppleWebKit/537.36 (KHTML, like Gecko) Version/4.0 Chrome/60.0.3112.107 Mobile Safari/537.36"
194.238.24.238 - - [07/Apr/2025:21:37:14 -0300] "GET /wp-includes/images/wp-login.php HTTP/1.1" 200 46923 "-" "Mozilla/5.0 (Linux; Android 7.0; SM-G892A Build/NRD90M; wv) AppleWebKit/537.36 (KHTML, like Gecko) Version/4.0 Chrome/60.0.3112.107 Mobile Safari/537.36"
194.238.24.238 - - [07/Apr/2025:21:37:14 -0300] "GET /wp-content/plugins/core/include.php HTTP/1.1" 200 46923 "-" "Mozilla/5.0 (Linux; Android 7.0; SM-G892A Build/NRD90M; wv) AppleWebKit/537.36 (KHTML, like Gecko) Version/4.0 Chrome/60.0.3112.107 Mobile Safari/537.36"
194.238.24.238 - - [07/Apr/2025:21:43:14 -0300] "GET /class-db.php HTTP/1.1" 403 46924 "-" "Mozilla/5.0 (Linux; Android 7.0; SM-G892A Build/NRD90M; wv) AppleWebKit/537.36 (KHTML, like Gecko) Version/4.0 Chrome/60.0.3112.107 Mobile Safari/537.36"
194.238.24.238 - - [07/Apr/2025:21:43:15 -0300] "GET /wp-content/plugins/core/include.php HTTP/1.1" 200 46924 "-" "Mozilla/5.0 (Linux; Android 7.0; SM-G892A Build/NRD90M; wv) AppleWebKit/537.36 (KHTML, like Gecko) Version/4.0 Chrome/60.0.3112.107 Mobile Safari/537.36"
